{"id":13856,"date":"2021-10-28T16:08:36","date_gmt":"2021-10-28T19:08:36","guid":{"rendered":"https:\/\/concefor.cefor.ifes.edu.br\/?page_id=13856"},"modified":"2024-08-09T12:13:44","modified_gmt":"2024-08-09T15:13:44","slug":"apresentacao-de-trabalhos","status":"publish","type":"page","link":"https:\/\/concefor.cefor.ifes.edu.br\/2024\/apresentacao-de-trabalhos\/","title":{"rendered":"Apresenta\u00e7\u00e3o de Trabalhos"},"content":{"rendered":"\n<p><strong>Orienta\u00e7\u00f5es sobre as apresenta\u00e7\u00f5es de artigos e produ\u00e7\u00f5es t\u00e9cnicas no VII Concefor<\/strong><\/p>\n\n\n\n<ol><li>\u00c9 obrigat\u00f3ria a utiliza\u00e7\u00e3o do template de apresenta\u00e7\u00e3o do evento.<\/li><li>Cada apresenta\u00e7\u00e3o de Artigo ter\u00e1 dura\u00e7\u00e3o de 15 minutos, sendo 10 minutos para exposi\u00e7\u00e3o e 5 minutos para perguntas.<\/li><li>Cada apresenta\u00e7\u00e3o de Produ\u00e7\u00e3o T\u00e9cnica ter\u00e1 a dura\u00e7\u00e3o de 7 minutos e dever\u00e1 apresentar o v\u00eddeo produzido.<\/li><\/ol>\n\n\n\n<p><a rel=\"noreferrer noopener\" href=\"https:\/\/docs.google.com\/presentation\/d\/1xPP3MCAYeOh12Ayy0Svl8Vr0nYJz3X2SE1idIW7KDLo\/copy\" data-type=\"URL\" data-id=\"https:\/\/docs.google.com\/presentation\/d\/1xPP3MCAYeOh12Ayy0Svl8Vr0nYJz3X2SE1idIW7KDLo\/copy\" target=\"_blank\">Template de Apresenta\u00e7\u00e3o de Trabalhos no VII Concefor<\/a> <\/p>\n\n\n\n<p><a rel=\"noreferrer noopener\" href=\"http:\/\/concefor.cefor.ifes.edu.br\/wp-content\/uploads\/2024\/08\/VIIConcefor_-Programacao-Sessoes-Tecnicas-e-Paineis.pdf\" data-type=\"URL\" data-id=\"http:\/\/concefor.cefor.ifes.edu.br\/wp-content\/uploads\/2024\/08\/VIIConcefor_-Programacao-Sessoes-Tecnicas-e-Paineis.pdf\" target=\"_blank\">Trabalhos Aprovados para Apresenta\u00e7\u00e3o no VII Concefor<\/a><\/p>\n","protected":false},"excerpt":{"rendered":"<p>Orienta\u00e7\u00f5es sobre as apresenta\u00e7\u00f5es de artigos e produ\u00e7\u00f5es t\u00e9cnicas no VII Concefor \u00c9 obrigat\u00f3ria a utiliza\u00e7\u00e3o do template de apresenta\u00e7\u00e3o do evento. Cada apresenta\u00e7\u00e3o de Artigo ter\u00e1 dura\u00e7\u00e3o de 15 minutos, sendo 10 minutos para exposi\u00e7\u00e3o e 5 minutos para <a class=\"more-link\" href=\"https:\/\/concefor.cefor.ifes.edu.br\/2024\/apresentacao-de-trabalhos\/\">Leia mais&#8230; &raquo;<\/a><\/p>\n","protected":false},"author":1,"featured_media":0,"parent":0,"menu_order":0,"comment_status":"closed","ping_status":"closed","template":"","meta":[],"_links":{"self":[{"href":"https:\/\/concefor.cefor.ifes.edu.br\/2024\/wp-json\/wp\/v2\/pages\/13856"}],"collection":[{"href":"https:\/\/concefor.cefor.ifes.edu.br\/2024\/wp-json\/wp\/v2\/pages"}],"about":[{"href":"https:\/\/concefor.cefor.ifes.edu.br\/2024\/wp-json\/wp\/v2\/types\/page"}],"author":[{"embeddable":true,"href":"https:\/\/concefor.cefor.ifes.edu.br\/2024\/wp-json\/wp\/v2\/users\/1"}],"replies":[{"embeddable":true,"href":"https:\/\/concefor.cefor.ifes.edu.br\/2024\/wp-json\/wp\/v2\/comments?post=13856"}],"version-history":[{"count":9,"href":"https:\/\/concefor.cefor.ifes.edu.br\/2024\/wp-json\/wp\/v2\/pages\/13856\/revisions"}],"predecessor-version":[{"id":14062,"href":"https:\/\/concefor.cefor.ifes.edu.br\/2024\/wp-json\/wp\/v2\/pages\/13856\/revisions\/14062"}],"wp:attachment":[{"href":"https:\/\/concefor.cefor.ifes.edu.br\/2024\/wp-json\/wp\/v2\/media?parent=13856"}],"curies":[{"name":"wp","href":"https:\/\/api.w.org\/{rel}","templated":true}]}}