{"id":18,"date":"2016-04-12T13:35:25","date_gmt":"2016-04-12T16:35:25","guid":{"rendered":"http:\/\/concefor.cefor.ifes.edu.br\/?page_id=18"},"modified":"2016-04-12T13:35:25","modified_gmt":"2016-04-12T16:35:25","slug":"palestrantes","status":"publish","type":"page","link":"https:\/\/concefor.cefor.ifes.edu.br\/2021\/palestrantes\/","title":{"rendered":"Palestrantes"},"content":{"rendered":"\n<h3><br><\/h3>\n\n\n\n<h3>Daniel Mill<\/h3>\n\n\n\n<div class=\"wp-block-image\"><figure class=\"alignleft size-full\"><img src=\"http:\/\/concefor.cefor.ifes.edu.br\/wp-content\/uploads\/2021\/09\/daniel_mill-1.jpg\" alt=\"\" class=\"wp-image-13820\" \/><\/figure><\/div>\n\n\n\n<p>Professor da Universidade Federal de S\u00e3o Carlos (UFSCar), onde trabalha como docente, chefe do Departamento de Educa\u00e7\u00e3o e gestor de Educa\u00e7\u00e3o a Dist\u00e2ncia (EaD). Doutor em Educa\u00e7\u00e3o pela UFMG, com p\u00f3s-doutorados pela Universidade Aberta de Portugal e pela Universidade de Coimbra-Portugal. \u00c9 membro do Programa de P\u00f3s-Gradua\u00e7\u00e3o em Educa\u00e7\u00e3o e do Programa de P\u00f3s-Gradua\u00e7\u00e3o em Ci\u00eancia, Tecnologia e Sociedade. \u00c9 l\u00edder do Grupo Horizonte (Grupo de Estudos e Pesquisas sobre Inova\u00e7\u00e3o em Educa\u00e7\u00e3o, Tecnologias e Linguagens) e, como pesquisador, tem interesse particular pela interse\u00e7\u00e3o das tem\u00e1ticas: Trabalho Docente, Tecnologias, Linguagens, Cogni\u00e7\u00e3o, Aprendizagem e Educa\u00e7\u00e3o a Dist\u00e2ncia \u2022 mill@ufscar.br \u2022 Lattes:&nbsp;<a rel=\"noreferrer noopener\" href=\"http:\/\/lattes.cnpq.br\/1515286597269486\" target=\"_blank\">http:\/\/lattes.cnpq.br\/1515286597269486<\/a><br><br><br><\/p>\n\n\n\n<p><br><\/p>\n\n\n\n<hr class=\"wp-block-separator\" \/>\n\n\n\n<h3>Adriana Pionttkovsky Barcellos<\/h3>\n\n\n\n<div class=\"wp-block-image\"><figure class=\"alignleft size-full\"><img src=\"http:\/\/concefor.cefor.ifes.edu.br\/wp-content\/uploads\/2021\/10\/adriana-1.jpg\" alt=\"\" class=\"wp-image-13828\" \/><\/figure><\/div>\n\n\n\n<p>Possui gradua\u00e7\u00e3o em Ci\u00eancias Econ\u00f4micas (1996), Licenciatura Plena em Matem\u00e1tica (2008), Mestrado (2011) e Doutorado em Educa\u00e7\u00e3o (2016) pela Universidade Federal do Esp\u00edrito Santo. Atua como servidora p\u00fablica federal no cargo de T\u00e9cnico em Assuntos Educacionais no Instituto Federal de Educa\u00e7\u00e3o, Ci\u00eancia e Tecnologia do Esp\u00edrito Santo &#8211; Ifes. Atualmente \u00e9 Pr\u00f3-reitora de Ensino do Ifes. Tamb\u00e9m atua como professora convidada e professora formadora de cursos de forma\u00e7\u00e3o de professores. Iniciou no magist\u00e9rio em 1988 e tem ampla experi\u00eancia na Educa\u00e7\u00e3o B\u00e1sica, nas \u00e1reas docente, administrativa e na gest\u00e3o pedag\u00f3gica da rede p\u00fablica e da iniciativa privada. Participa de est\u00e1gios e atividades letivas na Educa\u00e7\u00e3o Superior e em Programas de P\u00f3s-Gradua\u00e7\u00e3o Lato Sensu. Desenvolve projetos e pesquisas cient\u00edficas nas \u00e1reas de curr\u00edculo e forma\u00e7\u00e3o de educadores. Integra o N\u00facleo de Pesquisa e extens\u00e3o em Curr\u00edculos, Culturas e Cotidianos da Universidade Federal do Esp\u00edrito Santo.<br><br><br><\/p>\n\n\n\n<hr class=\"wp-block-separator\" \/>\n\n\n\n<h3>Adriano Canabarro Teixeira <\/h3>\n\n\n\n<div class=\"wp-block-image\"><figure class=\"alignleft size-full\"><img src=\"http:\/\/concefor.cefor.ifes.edu.br\/wp-content\/uploads\/2021\/10\/WhatsApp-Image-2021-08-06-at-11.22.39.jpeg\" alt=\"\" class=\"wp-image-13836\" \/><\/figure><\/div>\n\n\n\n<p>Adriano Canabarro Teixeira concluiu o doutorado no Programa de P\u00f3s-Gradua\u00e7\u00e3o em Inform\u00e1tica na Educa\u00e7\u00e3o [Conceito 7 Capes] na Universidade Federal do Rio Grande do Sul &#8211; UFRGS em 2005, per\u00edodo no qual realizou est\u00e1gio de doutorado na Universidade de Roma Tr\u00eas &#8211; It\u00e1lia. \u00c9 p\u00f3s-doutor em Educa\u00e7\u00e3o [Conceito 6 CAPES] pela UFRGS com apoio do CNPq e, tamb\u00e9m, P\u00f3s-Doutor S\u00eanior CNPq no Programa de P\u00f3s-Gradua\u00e7\u00e3o em Inform\u00e1tica na Educa\u00e7\u00e3o [Conceito 7 Capes]. \u00c9 Professor Titular na Universidade de Passo Fundo onde atua no Programa de P\u00f3s-Gradua\u00e7\u00e3o em Educa\u00e7\u00e3o [Conceito 5 Capes] &#8211; Mestrado e Doutorado- e no Programa de P\u00f3s-Gradua\u00e7\u00e3o em Ensino de Ci\u00eancias e Matem\u00e1tica [Conceito 4 Capes] &#8211; Mestrado e Doutorado -, ambos da Universidade de Passo Fundo. \u00c9 pesquisador e l\u00edder do Grupo de Pesquisa em Cultura Digital na Educa\u00e7\u00e3o e respons\u00e1vel pelo programa de extens\u00e3o Mutir\u00e3o pela Inclus\u00e3o Digital. \u00c9 o idealizador dos Semin\u00e1rios Internacionais de Cultura Digital e coordenador das sete primeiras edi\u00e7\u00f5es. \u00c9 o idealizador dos projetos Ber\u00e7\u00e1rio de Hackers, Escola de Hackers, Escola de Hackers Avan\u00e7ada e Academia White Hat da Prefeitura Municipal de Passo Fundo. \u00c9 l\u00edder-fundador do Grupo de Educadores Google Passo Fundo, l\u00edder-fundador do grupo B-Lab Girls, ligado ao programa Meninas Digitais da Sociedade Brasileira da Computa\u00e7\u00e3o, membro da Rede de Inova\u00e7\u00e3o para a Educa\u00e7\u00e3o Brasileira do Centro de Inova\u00e7\u00e3o para Educa\u00e7\u00e3o Brasileira (CIEB), da Rede Nacional de Ci\u00eancia para Educa\u00e7\u00e3o e da Rede Brasileira de Aprendizagem Criativa. S\u00f3cio-fundador da T&amp;F Educational e CEO de Pesquisa e Inova\u00e7\u00e3o do B-LAB Learning Space. J\u00e1 realizou confer\u00eancias TEDx e na Campus Party Brasil. Atualmente \u00e9, tamb\u00e9m, Secret\u00e1rio de Educa\u00e7\u00e3o do Munic\u00edpio de Passo Fundo\/RS.<\/p>\n\n\n\n<hr class=\"wp-block-separator is-style-wide\" \/>\n\n\n\n<p><\/p>\n\n\n\n<h3>Luis Otoni Meireles Ribeiro <\/h3>\n\n\n\n<div class=\"wp-block-image\"><figure class=\"alignleft size-full\"><img src=\"http:\/\/concefor.cefor.ifes.edu.br\/wp-content\/uploads\/2021\/09\/Luis-Otoni-Meireles-Ribeiro.png\" alt=\"\" class=\"wp-image-13812\" \/><\/figure><\/div>\n\n\n\n<p>Luis Otoni Meireles Ribeiro. P\u00f3s-doutor em Educa\u00e7\u00e3o (UFSC), Doutor em Inform\u00e1tica na Educa\u00e7\u00e3o (UFRGS), Mestre em Tecnologia (UTFPR), Especialista em Educa\u00e7\u00e3o Continuada e a Dist\u00e2ncia (UNB), Especialista em Controle de Processos (CEFET-MG). Profissional que atua na Educa\u00e7\u00e3o Profissional de n\u00edvel t\u00e9cnico e tecnol\u00f3gico desde 1988 no IFSul. Chefiou e implantou o Departamento de Educa\u00e7\u00e3o a Dist\u00e2ncia do IFSul. Integrou a equipe que auxiliou a SETEC\/MEC na elabora\u00e7\u00e3o do cat\u00e1logo nacional de Cursos Superiores de Tecnologia e do Cat\u00e1logo Nacional de Cursos T\u00e9cnicos. Implantou e coordenou o Programa Especial de Forma\u00e7\u00e3o Pedag\u00f3gica de Docentes para a Educa\u00e7\u00e3o Profissional no CEFET-RS. Representante dos Institutos Federais no Comit\u00ea Gestor da Associa\u00e7\u00e3o Universidade em Rede (UniRede). Pesquisador no Grupo de Trabalho de EAD para o CONIF\/FDE. Atua como professor na Licenciatura em Computa\u00e7\u00e3o, no Doutorado e Mestrado Profissional em Educa\u00e7\u00e3o e Tecnologia e no Curso T\u00e9cnico em Eletromec\u00e2nica do IFSul. \u00c9 l\u00edder do Grupo de Pesquisa &#8211; TEDCOM &#8211; Tecnologias Educacionais na Conectividade e Mobilidade.<\/p>\n\n\n\n<p><\/p>\n\n\n\n<hr class=\"wp-block-separator is-style-wide\" \/>\n\n\n\n<h3>Leticia&nbsp;Rocha Machado<\/h3>\n\n\n\n<div class=\"wp-block-image\"><figure class=\"alignleft size-full\"><img src=\"http:\/\/concefor.cefor.ifes.edu.br\/wp-content\/uploads\/2021\/10\/WhatsApp-Image-2021-07-19-at-11.45.48-1.jpeg\" alt=\"\" class=\"wp-image-13851\" \/><\/figure><\/div>\n\n\n\n<p>Possui gradua\u00e7\u00e3o em Pedagogia Multimeios e Inform\u00e1tica Educativa pela Pontif\u00edcia Universidade Cat\u00f3lica do Rio Grande do Sul (2005), Mestrado em Gerontologia Biom\u00e9dica pela Pontif\u00edcia Universidade Cat\u00f3lica do Rio Grande do Sul (2007), Doutorado em Inform\u00e1tica na Educa\u00e7\u00e3o pela Universidade Federal do Rio Grande do Sul (2013) e Doutorado em Educa\u00e7\u00e3o pela Universidade Federal do Rio Grande do Sul (2019). Tamb\u00e9m realizou P\u00f3s-Doutorado no Programa de P\u00f3s-Gradua\u00e7\u00e3o em Inform\u00e1tica na Educa\u00e7\u00e3o na UFRGS (2013-2019). \u00c9 coordenadora e professora da Unidade de Inclus\u00e3o Digital de Idosos (UNIDI) da UFRGS, no qual s\u00e3o ofertados cursos de extens\u00e3o para o p\u00fablico com mais de 60 anos, al\u00e9m de realizar pesquisas sobre a tem\u00e1tica.&nbsp; \u00c9 pesquisadora atuante como revisora das principais revistas interdisciplinar sobre inform\u00e1tica na educa\u00e7\u00e3o, tanto nacional como internacional, participa como pesquisadora de tr\u00eas grupos de pesquisa: N\u00facleo de Tecnologia Digital Aplicada \u00e0 Educa\u00e7\u00e3o (NUTED\/UFRGS), Laborat\u00f3rios de Experimenta\u00e7\u00e3o Remota (RExLab\/UFSC) e Educa\u00e7\u00e3o e Envelhecimento: m\u00faltiplas interfaces (UFRGS).<\/p>\n\n\n\n<p><\/p>\n","protected":false},"excerpt":{"rendered":"<p>Daniel Mill Professor da Universidade Federal de S\u00e3o Carlos (UFSCar), onde trabalha como docente, chefe do Departamento de Educa\u00e7\u00e3o e gestor de Educa\u00e7\u00e3o a Dist\u00e2ncia (EaD). Doutor em Educa\u00e7\u00e3o pela UFMG, com p\u00f3s-doutorados pela Universidade Aberta de Portugal e pela <a class=\"more-link\" href=\"https:\/\/concefor.cefor.ifes.edu.br\/2021\/palestrantes\/\">Leia mais&#8230; &raquo;<\/a><\/p>\n","protected":false},"author":1,"featured_media":0,"parent":0,"menu_order":0,"comment_status":"closed","ping_status":"closed","template":"","meta":[],"_links":{"self":[{"href":"https:\/\/concefor.cefor.ifes.edu.br\/2021\/wp-json\/wp\/v2\/pages\/18"}],"collection":[{"href":"https:\/\/concefor.cefor.ifes.edu.br\/2021\/wp-json\/wp\/v2\/pages"}],"about":[{"href":"https:\/\/concefor.cefor.ifes.edu.br\/2021\/wp-json\/wp\/v2\/types\/page"}],"author":[{"embeddable":true,"href":"https:\/\/concefor.cefor.ifes.edu.br\/2021\/wp-json\/wp\/v2\/users\/1"}],"replies":[{"embeddable":true,"href":"https:\/\/concefor.cefor.ifes.edu.br\/2021\/wp-json\/wp\/v2\/comments?post=18"}],"version-history":[{"count":0,"href":"https:\/\/concefor.cefor.ifes.edu.br\/2021\/wp-json\/wp\/v2\/pages\/18\/revisions"}],"wp:attachment":[{"href":"https:\/\/concefor.cefor.ifes.edu.br\/2021\/wp-json\/wp\/v2\/media?parent=18"}],"curies":[{"name":"wp","href":"https:\/\/api.w.org\/{rel}","templated":true}]}}