{"id":985,"date":"2018-02-22T14:00:03","date_gmt":"2018-02-22T17:00:03","guid":{"rendered":"http:\/\/concefor.cefor.ifes.edu.br\/?page_id=985"},"modified":"2021-08-09T09:37:15","modified_gmt":"2021-08-09T12:37:15","slug":"eixos-tematicos","status":"publish","type":"page","link":"https:\/\/concefor.cefor.ifes.edu.br\/2018\/eixos-tematicos\/","title":{"rendered":"Eixos Tem\u00e1ticos"},"content":{"rendered":"<h2><\/h2>\n<p align=\"justify\">As submiss\u00f5es de artigos para as Comunica\u00e7\u00f5es Cient\u00edficas poder\u00e3o ser realizadas com base nos seguintes Eixos Tem\u00e1ticos:<\/p>\n<h3 class=\"western\" align=\"justify\">Eixo 1 \u2013 Pol\u00edticas educacionais e curr\u00edculo<\/h3>\n<p align=\"justify\">Engloba estudos e pesquisas que abordem pol\u00edticas p\u00fablicas e\/ou curr\u00edculo, relacionados \u00e0 forma\u00e7\u00e3o de educadores nos contextos da educa\u00e7\u00e3o b\u00e1sica, profissional e tecnol\u00f3gica e superior, nas modalidades de ensino presencial e a dist\u00e2ncia.<\/p>\n<h3 class=\"western\" align=\"justify\">Eixo 2 \u2013 Forma\u00e7\u00e3o inicial e continuada de educadores<\/h3>\n<p align=\"justify\">Engloba a\u00e7\u00f5es, estudos e pesquisas que abordem a forma\u00e7\u00e3o inicial e continuada de educadores nos contextos da educa\u00e7\u00e3o b\u00e1sica, profissional e tecnol\u00f3gica e superior, nas modalidades de ensino presencial e a dist\u00e2ncia, em espa\u00e7os formais e n\u00e3o formais. Incluem-se, ainda, estudos sobre projetos de extens\u00e3o, Pibid, Proeja, Parfor e outros.<\/p>\n<h3 class=\"western\" align=\"justify\">Eixo 3 \u2013 Metodologias e Pr\u00e1ticas Pedag\u00f3gicas no contexto da Educa\u00e7\u00e3o B\u00e1sica, Educa\u00e7\u00e3o Profissional e Tecnol\u00f3gica<\/h3>\n<p align=\"justify\">Engloba trabalhos de investiga\u00e7\u00e3o que abordem metodologias e pr\u00e1ticas pedag\u00f3gicas nos contextos da educa\u00e7\u00e3o b\u00e1sica, profissional e tecnol\u00f3gica e superior, nas modalidades de ensino presencial e a dist\u00e2ncia, nas diversas \u00e1reas do conhecimento.<\/p>\n<h3 class=\"western\" align=\"justify\">Eixo 4 \u2013 Educa\u00e7\u00e3o n\u00e3o formal, Sustentabilidade, Diversidades e Inclus\u00e3o Social<\/h3>\n<p align=\"justify\">Engloba trabalhos de investiga\u00e7\u00e3o que abordem experi\u00eancias em educa\u00e7\u00e3o n\u00e3o formal, sustentabilidade, diversidades e inclus\u00e3o social nos contextos da educa\u00e7\u00e3o b\u00e1sica, profissional e tecnol\u00f3gica e superior, nas modalidades de ensino presencial e a dist\u00e2ncia. Incluem-se estudos relacionados \u00e0s tem\u00e1ticas ind\u00edgena, afrodescendente, educa\u00e7\u00e3o inclusiva, de g\u00eanero e outras.<\/p>\n<h3 class=\"western\" align=\"justify\">Eixo 5 \u2013 Tecnologias Digitais no processo educativo<\/h3>\n<p align=\"justify\">Engloba estudos e pesquisas que abordem tecnologias digitais nos contextos da educa\u00e7\u00e3o b\u00e1sica, profissional e tecnol\u00f3gica e superior, nas modalidades de ensino presencial e a dist\u00e2ncia. Incluem-se estudos sobre design educacional, softwares educacionais, objetos de aprendizagem, jogos, m\u00eddias e outros.<\/p>\n<h3 class=\"western\" align=\"justify\">Eixo 6 \u2013 Hist\u00f3ria e mem\u00f3ria dos processos educativos<\/h3>\n<p align=\"justify\">Engloba trabalhos de investiga\u00e7\u00e3o que abordem hist\u00f3ria e mem\u00f3ria da educa\u00e7\u00e3o b\u00e1sica, profissional e tecnol\u00f3gica e superior, nas modalidades de ensino presencial e a dist\u00e2ncia. Incluem-se estudos sobre a historiografia do processo educativo.<\/p>\n","protected":false},"excerpt":{"rendered":"<p>As submiss\u00f5es de artigos para as Comunica\u00e7\u00f5es Cient\u00edficas poder\u00e3o ser realizadas com base nos seguintes Eixos Tem\u00e1ticos: Eixo 1 \u2013 Pol\u00edticas educacionais e curr\u00edculo Engloba estudos e pesquisas que abordem pol\u00edticas p\u00fablicas e\/ou curr\u00edculo, relacionados \u00e0 forma\u00e7\u00e3o de educadores nos <a class=\"more-link\" href=\"https:\/\/concefor.cefor.ifes.edu.br\/2018\/eixos-tematicos\/\">Leia mais&#8230; &raquo;<\/a><\/p>\n","protected":false},"author":1,"featured_media":0,"parent":0,"menu_order":0,"comment_status":"closed","ping_status":"closed","template":"","meta":[],"_links":{"self":[{"href":"https:\/\/concefor.cefor.ifes.edu.br\/2018\/wp-json\/wp\/v2\/pages\/985"}],"collection":[{"href":"https:\/\/concefor.cefor.ifes.edu.br\/2018\/wp-json\/wp\/v2\/pages"}],"about":[{"href":"https:\/\/concefor.cefor.ifes.edu.br\/2018\/wp-json\/wp\/v2\/types\/page"}],"author":[{"embeddable":true,"href":"https:\/\/concefor.cefor.ifes.edu.br\/2018\/wp-json\/wp\/v2\/users\/1"}],"replies":[{"embeddable":true,"href":"https:\/\/concefor.cefor.ifes.edu.br\/2018\/wp-json\/wp\/v2\/comments?post=985"}],"version-history":[{"count":1,"href":"https:\/\/concefor.cefor.ifes.edu.br\/2018\/wp-json\/wp\/v2\/pages\/985\/revisions"}],"predecessor-version":[{"id":10844,"href":"https:\/\/concefor.cefor.ifes.edu.br\/2018\/wp-json\/wp\/v2\/pages\/985\/revisions\/10844"}],"wp:attachment":[{"href":"https:\/\/concefor.cefor.ifes.edu.br\/2018\/wp-json\/wp\/v2\/media?parent=985"}],"curies":[{"name":"wp","href":"https:\/\/api.w.org\/{rel}","templated":true}]}}