{"id":345,"date":"2016-07-04T12:58:40","date_gmt":"2016-07-04T12:58:40","guid":{"rendered":"http:\/\/concefor.cefor.ifes.edu.br\/?page_id=345"},"modified":"2021-08-09T09:37:32","modified_gmt":"2021-08-09T12:37:32","slug":"servicos","status":"publish","type":"page","link":"https:\/\/concefor.cefor.ifes.edu.br\/2018\/servicos\/","title":{"rendered":"Transporte"},"content":{"rendered":"<h3><\/h3>\n<p>A Cidade de Vit\u00f3ria \u00e9 atendida por dois sistemas de transporte urbano.<\/p>\n<h4><strong>1. O Transcol<\/strong><\/h4>\n<p>\u00c9 um sistema metropolitano integrado de estrutura Tronco-alimentadora que interliga os cinco munic\u00edpios da Regi\u00e3o Metropolitana da Grande Vit\u00f3ria por meio de terminais urbanos, estrategicamente localizados, e que permite que o usu\u00e1rio se desloque, por v\u00e1rios trechos da Grande Vit\u00f3ria, pagando uma \u00fanica tarifa (R$ 3,40).<br \/>\nAtualmente, s\u00e3o 10 terminais:<\/p>\n<p><strong>Munic\u00edpio da Serra:<\/strong><\/p>\n<ul>\n<li>Terminal de Laranjeiras<\/li>\n<li>Terminal de Jacara\u00edpe<\/li>\n<li>Terminal de Carapina<\/li>\n<\/ul>\n<p><strong>Munic\u00edpio de Vila Velha:<\/strong><\/p>\n<ul>\n<li>Terminal de Vila Velha<\/li>\n<li>Terminal do Ibis<\/li>\n<li>Terminal de Itaparica<\/li>\n<li>Terminal de S\u00e3o Torquato<\/li>\n<\/ul>\n<p><strong>Munic\u00edpio de Cariacica:<\/strong><\/p>\n<ul>\n<li>Terminal de Itacib\u00e1<\/li>\n<li>Terminal de Campo Grande<\/li>\n<li>Terminal de Jardim Am\u00e9rica<\/li>\n<\/ul>\n<p>Fonte:<a href=\"https:\/\/www.es.gov.br\/terminais-de-integracao-transcol\" target=\"_blank\" rel=\"noopener\"> Governo do estado do Esp\u00edrito Santo<\/a><\/p>\n<p>Veja na imagem os pontos pr\u00f3ximos ao Cefor e, a seguir, as linhas de \u00f4nibus que passam nos respectivos pontos.<\/p>\n<h6>\u00d4nibus &#8211; Transcol<\/h6>\n<h5><img loading=\"lazy\" class=\"alignnone wp-image-538 size-full\" src=\"http:\/\/concefor.cefor.ifes.edu.br\/wp-content\/uploads\/2016\/07\/mapa_cefor_transcol.jpg\" alt=\"mapa_cefor_transcol\" width=\"867\" height=\"792\" \/><\/h5>\n<h5>Ponto em frente ao Ifes (Ambos os sentidos):<\/h5>\n<ul>\n<li>500 \u2013 T. Vila Velha \/ T. Itacib\u00e1 (Via 3\u00aa Ponte)<\/li>\n<li>503 \u2013 T. Laranjeiras \/ T. Vila Velha<\/li>\n<li>504 \u2013 T. Laranjeiras \/ T. Itacib\u00e1<\/li>\n<li>509 \u2013 T. Carapina \/ T. Campo Grande (Via T. Jardim Am\u00e9rica)<\/li>\n<li>517 \u2013 T. Laranjeiras \/ Rodovi\u00e1ria (Expresso)<\/li>\n<li>519 \u2013 T. Carapina \/ T. Ibes (Expresso)<\/li>\n<li>559 \u2013 T. Laranjeiras \/ T. S\u00e3o Torquato<\/li>\n<li>562 \u2013 T. Laranjeiras \/ T. Campo Grande<\/li>\n<li>573 \u2013 T. Carapina \/ T. S\u00e3o Torquato<\/li>\n<li>591 \u2013 Serra \/ T. Campo Grande<\/li>\n<li>597 \u2013 Andr\u00e9 Carloni \/ T. S\u00e3o Torquato<\/li>\n<\/ul>\n<h5>Ponto perto do Cefor (Av. Paulino Muller \/ lateral ao Cefor \/ Ambos os sentidos)<\/h5>\n<ul>\n<li>506 \u2013 T. Laranjeiras \/ T. Itacib\u00e1 \/ T. Jardim Am\u00e9rica (Via Maru\u00edpe)<\/li>\n<li>516 \u2013 T. Jacara\u00edpe \/ T. Ibes (Via T. Carapina \/ Maru\u00edpe \/ T. S\u00e3o Torquato)<\/li>\n<li>531 \u2013 T. Campo Grande \/ T. Vila Velha (Via Maru\u00edpe)<\/li>\n<li>571 \u2013 T. Jardim Am\u00e9rica \/ Pra\u00e7a do Eucalipto (Via Marechal Campos \/ Circular)<\/li>\n<li>575 \u2013 T. Jardim Am\u00e9rica \/ Pra\u00e7a do Eucalipto (Via Marechal Campos \/ Circular)<\/li>\n<\/ul>\n<p>&nbsp;<\/p>\n<h4 align=\"left\"><strong><span style=\"color: #000000\"><span style=\"font-family: Arial, sans-serif\">2. Sistema Municipal de Transporte (Ponto Vit\u00f3ria)<\/span><\/span> <\/strong><\/h4>\n<p align=\"left\"><span style=\"color: #000000\"><span style=\"font-family: Arial, sans-serif\">Conhecido pelos capixabas como Verdinho (cor caracter\u00edstica dos \u00f4nibus), eles fazem a liga\u00e7\u00e3o entre todos os bairros da cidade. Cada vez que o usu\u00e1rio pega um \u00f4nibus, paga-se uma passagem no valor de R$ 3,40.<\/span><\/span><\/p>\n<p><a href=\"https:\/\/essaymoment.com\/\">write my essay<\/a><\/p>\n<p align=\"left\"><span style=\"color: #000000\"><span style=\"font-family: Arial, sans-serif\">Veja na imagem os pontos pr\u00f3ximos ao Cefor e, a seguir, as linhas de \u00f4nibus que passam nos respectivos pontos.<\/span><\/span><\/p>\n<h6>\u00d4nibus &#8211; Ponto Vit\u00f3ria<\/h6>\n<p><img loading=\"lazy\" class=\"alignnone size-full wp-image-542\" src=\"http:\/\/concefor.cefor.ifes.edu.br\/wp-content\/uploads\/2017\/05\/mapa_cefor_vix.jpg\" alt=\"mapa_cefor_vix\" width=\"867\" height=\"792\" \/><\/p>\n<h5>Ponto 3014 &#8211; Em frente ao Ifes (Av. Vit\u00f3ria \/ Sentido Serra-Vila Velha):<\/h5>\n<ul>\n<li>052 &#8211; Santo Ant\u00f4nio \/ Itarar\u00e9 \/ Consola\u00e7\u00e3o<\/li>\n<li>071 &#8211; S\u00e3o Pedro \/ Maru\u00edpe \/ Centro (Circular)<\/li>\n<li>101 &#8211; Praia do Canto \/ Rodovi\u00e1ria (Via Ilha do Pr\u00edncipe)<\/li>\n<li>103 &#8211; M\u00e1rio Cypreste \/ Jardim Camburi (Via Carato\u00edra)<\/li>\n<li>105 &#8211; Curva da Jurema \/ Cruzamento (Via Rom\u00e3o)<\/li>\n<li>110 &#8211; Estrelinha \/ Jardim Camburi (Via Reta da Penha)<\/li>\n<li>111 &#8211; Bairro Moscoso \/ Atl\u00e2ntica Ville (Via Av. Vit\u00f3ria)<\/li>\n<li>112 &#8211; Maria Ortiz \/ Rodovi\u00e1ria (Via Av. Vit\u00f3ria)<\/li>\n<li>121 &#8211; M\u00e1rio Cypreste \/ Jardim Camburi (Via Reta da Penha)<\/li>\n<li>122 &#8211; Aeroporto \/ Rodovi\u00e1ria (Via Av. Vit\u00f3ria)<\/li>\n<li>123 &#8211; Bairro Rep\u00fablica \/ Bela Vista (Via Reta da Penha)<\/li>\n<li>124 &#8211; Jardim da Penha \/ Estrelinha (Via Reta da Penha)<\/li>\n<li>125 &#8211; Alto Tabuazeiro \/ Fonte Grande (Via Reta da Penha)<\/li>\n<li>130 &#8211; Resist\u00eancia \/ Jardim da Penha (Via Marechal Campos)<\/li>\n<li>151 &#8211; Santa Marta \/ Rodovi\u00e1ria (Via Av. Vit\u00f3ria)<\/li>\n<li>164 &#8211; M\u00e1rio Cypreste \/ Jardim Camburi (Via Marechal Campos)<\/li>\n<li>181 &#8211; Grande Vit\u00f3ria \/ Tabuazeiro (Via Bairro Universit\u00e1rio)<\/li>\n<li>182 &#8211; M\u00e1rio Cypreste \/ Bairro da Penha (Via Alagoano)<\/li>\n<li>184 &#8211; Jardim da Penha \/ Rodovi\u00e1ria (Via Av. Maru\u00edpe)<\/li>\n<li>204 &#8211; M\u00e1rio Cypreste \/ Jaburu (Via Shopping Vit\u00f3ria &#8211; Circular)<\/li>\n<li>333 &#8211; Ilha das Caieiras \/ Praia do Su\u00e1 (Via Jucutuquara)<\/li>\n<\/ul>\n<h5>Ponto 3013 &#8211; Em frente ao Ifes (Av. Vit\u00f3ria \/ Sentido Vila Velha-Serra):<\/h5>\n<ul>\n<li>051 &#8211; Santo Ant\u00f4nio \/ Consola\u00e7\u00e3o \/ Itarar\u00e9<\/li>\n<li>072 &#8211; S\u00e3o Pedro \/ Centro \/ Maru\u00edpe (Circular)<\/li>\n<li>101 &#8211; Praia do Canto \/ Rodovi\u00e1ria (Via Ilha do Pr\u00edncipe)<\/li>\n<li>103 &#8211; M\u00e1rio Cypreste \/ Jardim Camburi (Via Carato\u00edra)<\/li>\n<li>105 &#8211; Curva da Jurema \/ Cruzamento (Via Rom\u00e3o)<\/li>\n<li>110 &#8211; Estrelinha \/ Jardim Camburi (Via Reta da Penha)<\/li>\n<li>111 &#8211; Bairro Moscoso \/ Atl\u00e2ntica Ville (Via Av. Vit\u00f3ria)<\/li>\n<li>112 &#8211; Maria Ortiz \/ Rodovi\u00e1ria (Via Av. Vit\u00f3ria)<\/li>\n<li>121 &#8211; M\u00e1rio Cypreste \/ Jardim Camburi (Via Reta da Penha)<\/li>\n<li>122 &#8211; Aeroporto \/ Rodovi\u00e1ria (Via Av. Vit\u00f3ria)<\/li>\n<li>123 &#8211; Bairro Rep\u00fablica \/ Bela Vista (Via Reta da Penha)<\/li>\n<li>124 &#8211; Jardim da Penha \/ Estrelinha (Via Reta da Penha)<\/li>\n<li>125 &#8211; Alto Tabuazeiro \/ Fonte Grande (Via Reta da Penha)<\/li>\n<li>130 &#8211; Resist\u00eancia \/ Jardim da Penha (Via Marechal Campos)<\/li>\n<li>151 &#8211; Santa Marta \/ Rodovi\u00e1ria (Via Av. Vit\u00f3ria)<\/li>\n<li>164 &#8211; M\u00e1rio Cypreste \/ Jardim Camburi (Via Marechal Campos)<\/li>\n<li>181 &#8211; Grande Vit\u00f3ria \/ Tabuazeiro (Via Bairro Universit\u00e1rio)<\/li>\n<li>182 &#8211; M\u00e1rio Cypreste \/ Bairro da Penha (Via Alagoano)<\/li>\n<li>184 &#8211; Jardim da Penha \/ Rodovi\u00e1ria (Via Av. Maru\u00edpe)<\/li>\n<li>331 &#8211; Ilha das Caieiras \/ Praia do Su\u00e1 (Via Shopping Vit\u00f3ria)<\/li>\n<\/ul>\n<h5>Ponto 3143 &#8211; Lateral do IFES (Av. Alberto Torres):<\/h5>\n<ul>\n<li>333 &#8211; Ilha das Caieiras \/ Praia do Su\u00e1 (Via Jucutuquara)<\/li>\n<\/ul>\n<h5>Ponto 3026 &#8211; Ponto perto do Cefor (Av. Paulino Muller \/ lateral ao Cefor \/ Sentido para Maru\u00edpe):<\/h5>\n<ul>\n<li>010 &#8211; Nova Palestina \/ Fradinhos (Via Av. Vit\u00f3ria)<\/li>\n<li>010A &#8211; Nova Palestina \/ Fradinhos (Via Ilha das Caieiras)<\/li>\n<li>073N &#8211; Tabuazeiro \/ Shopping Vit\u00f3ria (Via Reta da Penha &#8211; Norte)<\/li>\n<li>104 &#8211; Santos Dumont \/ Bela Vista (Via Morro do Quadro)<\/li>\n<li>160 &#8211; Jardim Camburi \/ Rodovi\u00e1ria (Via Av. Maru\u00edpe)<\/li>\n<li>161 &#8211; M\u00e1rio Cypreste \/ Jardim Camburi (Via Maru\u00edpe)<\/li>\n<li>163 &#8211; Aeroporto \/ Parque Moscoso (Via Maria Ortiz)<\/li>\n<li>171 &#8211; M\u00e1rio Cypreste \/ Joana D\u2019Arc<\/li>\n<li>172 &#8211; M\u00e1rio Cypreste \/ Itarar\u00e9<\/li>\n<li>173 &#8211; Tabuazeiro \/ Rodovi\u00e1ria<\/li>\n<li>175 &#8211; Resist\u00eancia \/ Rodovi\u00e1ria<\/li>\n<\/ul>\n<h5>Ponto 3027 &#8211; Ponto perto do Cefor (Av. Paulino Muller \/ lateral ao Cefor \/ Em frente \u00e0 Igreja S\u00e3o Sebasti\u00e3o \/ Sentido saindo de Maru\u00edpe):<\/h5>\n<ul>\n<li>010 &#8211; Nova Palestina \/ Fradinhos (Via Av. Vit\u00f3ria)<\/li>\n<li>010A &#8211; Nova Palestina \/ Fradinhos (Via Ilha das Caieiras)<\/li>\n<li>073S &#8211; Tabuazeiro \/ Shopping Vit\u00f3ria (Via Jucutuquara &#8211; Sul)<\/li>\n<li>074 &#8211; S\u00e3o Crist\u00f3v\u00e3o \/ Bairro da Penha (Circular)<\/li>\n<li>104 &#8211; Santos Dumont \/ Bela Vista (Via Morro do Quadro)<\/li>\n<li>160 &#8211; Jardim Camburi \/ Rodovi\u00e1ria (Via Av. Maru\u00edpe)<\/li>\n<li>161 &#8211; M\u00e1rio Cypreste \/ Jardim Camburi (Via Maru\u00edpe)<\/li>\n<li>163 &#8211; Aeroporto \/ Parque Moscoso (Via Maria Ortiz)<\/li>\n<li>171 &#8211; M\u00e1rio Cypreste \/ Joana D\u2019Arc<\/li>\n<li>172 &#8211; M\u00e1rio Cypreste \/ Itarar\u00e9<\/li>\n<li>173 &#8211; Tabuazeiro \/ Rodovi\u00e1ria<\/li>\n<li>175 &#8211; Resist\u00eancia \/ Rodovi\u00e1ria<\/li>\n<li>333 &#8211; Ilha das Caieiras \/ Praia do Su\u00e1 (Via Jucutuquara)<\/li>\n<\/ul>\n<hr \/>\n<h3>Aplicativos de Transporte<\/h3>\n<p><strong>Meu destino VIX<\/strong> &#8211; Aplicativo de indica\u00e7\u00e3o de linhas e pontos de \u00f4nibus na Regi\u00e3o Metropolitana<br \/>\n<a href=\"https:\/\/play.google.com\/store\/apps\/details?id=br.com.meudestino.activity\" target=\"_blank\" rel=\"noopener\"><\/a><a href=\"https:\/\/play.google.com\/store\/apps\/details?id=br.com.meudestino.activity\" target=\"_blank\" rel=\"noopener\">Baixe o aplicativo Meu destino Vix para o s<\/a><a href=\"https:\/\/play.google.com\/store\/apps\/details?id=br.com.meudestino.activity\" target=\"_blank\" rel=\"noopener\">istema Android<\/a><br \/>\n<a href=\"https:\/\/itunes.apple.com\/br\/app\/meu-destino-vix\/id1134668943?l=en&amp;mt=8\" target=\"_blank\" rel=\"noopener\"><\/a><a href=\"https:\/\/play.google.com\/store\/apps\/details?id=br.com.meudestino.activity\" target=\"_blank\" rel=\"noopener\">Baixe o aplicativo Meu destino Vix para o s<\/a><a href=\"https:\/\/itunes.apple.com\/br\/app\/meu-destino-vix\/id1134668943?l=en&amp;mt=8\" target=\"_blank\" rel=\"noopener\">istema IOS<\/a><\/p>\n<hr \/>\n<h3>Veja a dist\u00e2ncia e estimativa de gasto de alguns deslocamentos a partir do Cefor<\/h3>\n<p><strong>Shopping Vit\u00f3ria<\/strong><\/p>\n<ul>\n<li>Dist\u00e2ncia: 5km<\/li>\n<li>Uber: R$ 10,99<\/li>\n<li>\u00d4nibus: R$3,40<\/li>\n<\/ul>\n<p><strong>Shopping Vila Velha<\/strong><\/p>\n<ul>\n<li>Dist\u00e2ncia: 9 km<\/li>\n<li>Uber: R$ 18,00<\/li>\n<li>\u00d4nibus: R$3,40<\/li>\n<\/ul>\n<p><strong>Shopping Praia da Costa<\/strong><\/p>\n<ul>\n<li>Dist\u00e2ncia: 8,2 km<\/li>\n<li>Uber: R$ 17,26<\/li>\n<li>\u00d4nibus: R$3,40<\/li>\n<\/ul>\n<p><strong>Convento da Penha<\/strong><\/p>\n<ul>\n<li>Dist\u00e2ncia: 10,2 km<\/li>\n<li>Uber: R$ 17,00<\/li>\n<li>\u00d4nibus: R$3,40<\/li>\n<\/ul>\n<p><strong>Rodovi\u00e1ria de Vit\u00f3ria<\/strong><\/p>\n<ul>\n<li>Dist\u00e2ncia: 4,7 km<\/li>\n<li>Uber: R$ 11,00<\/li>\n<li>\u00d4nibus: R$3,40<\/li>\n<\/ul>\n<p><strong>Aeroporto de Vit\u00f3ria<\/strong><\/p>\n<ul>\n<li>Dist\u00e2ncia: 7,8 km<\/li>\n<li>Uber: R$ 15,26<\/li>\n<li>\u00d4nibus: R$3,40<\/li>\n<\/ul>\n<p>&nbsp;<\/p>\n<h3>Veja a dist\u00e2ncia e estimativa de gasto para cidades interioranas do Esp\u00edrito Santo a partir do Cefor<\/h3>\n<p><strong>Domingos Martins<\/strong><\/p>\n<ul>\n<li>Dist\u00e2ncia: 48,8km<\/li>\n<li>Uber: R$ 70,00<\/li>\n<li>\u00d4nibus: R$13,40<\/li>\n<\/ul>\n<p><strong>Guarapari<\/strong><\/p>\n<ul>\n<li>Dist\u00e2ncia: 50,2 km<\/li>\n<li>Uber: R$ 96,00<\/li>\n<li>\u00d4nibus: R$18,84<\/li>\n<\/ul>\n<p><strong>Santa Leopoldina<\/strong><\/p>\n<ul>\n<li>Dist\u00e2ncia: 54,3 km<\/li>\n<li>Uber: R$ 78,10<\/li>\n<li>\u00d4nibus: R$13,79<\/li>\n<\/ul>\n<p><strong>Santa Tereza<\/strong><\/p>\n<ul>\n<li>Dist\u00e2ncia: 79,7 km<\/li>\n<li>Uber: R$ 110,60<\/li>\n<li>\u00d4nibus: R$13,80<\/li>\n<\/ul>\n","protected":false},"excerpt":{"rendered":"<p>A Cidade de Vit\u00f3ria \u00e9 atendida por dois sistemas de transporte urbano. 1. O Transcol \u00c9 um sistema metropolitano integrado de estrutura Tronco-alimentadora que interliga os cinco munic\u00edpios da Regi\u00e3o Metropolitana da Grande Vit\u00f3ria por meio de terminais urbanos, estrategicamente <a class=\"more-link\" href=\"https:\/\/concefor.cefor.ifes.edu.br\/2018\/servicos\/\">Leia mais&#8230; &raquo;<\/a><\/p>\n","protected":false},"author":1,"featured_media":0,"parent":0,"menu_order":0,"comment_status":"closed","ping_status":"closed","template":"","meta":[],"_links":{"self":[{"href":"https:\/\/concefor.cefor.ifes.edu.br\/2018\/wp-json\/wp\/v2\/pages\/345"}],"collection":[{"href":"https:\/\/concefor.cefor.ifes.edu.br\/2018\/wp-json\/wp\/v2\/pages"}],"about":[{"href":"https:\/\/concefor.cefor.ifes.edu.br\/2018\/wp-json\/wp\/v2\/types\/page"}],"author":[{"embeddable":true,"href":"https:\/\/concefor.cefor.ifes.edu.br\/2018\/wp-json\/wp\/v2\/users\/1"}],"replies":[{"embeddable":true,"href":"https:\/\/concefor.cefor.ifes.edu.br\/2018\/wp-json\/wp\/v2\/comments?post=345"}],"version-history":[{"count":1,"href":"https:\/\/concefor.cefor.ifes.edu.br\/2018\/wp-json\/wp\/v2\/pages\/345\/revisions"}],"predecessor-version":[{"id":10863,"href":"https:\/\/concefor.cefor.ifes.edu.br\/2018\/wp-json\/wp\/v2\/pages\/345\/revisions\/10863"}],"wp:attachment":[{"href":"https:\/\/concefor.cefor.ifes.edu.br\/2018\/wp-json\/wp\/v2\/media?parent=345"}],"curies":[{"name":"wp","href":"https:\/\/api.w.org\/{rel}","templated":true}]}}