{"id":30,"date":"2016-04-12T13:37:24","date_gmt":"2016-04-12T13:37:24","guid":{"rendered":"http:\/\/concefor.cefor.ifes.edu.br\/?page_id=30"},"modified":"2021-08-09T09:48:48","modified_gmt":"2021-08-09T12:48:48","slug":"contato","status":"publish","type":"page","link":"https:\/\/concefor.cefor.ifes.edu.br\/2018\/contato\/","title":{"rendered":"Contato"},"content":{"rendered":"<header class=\"entry-header\">\n<h1 class=\"entry-title\"><\/h1>\n<\/header>\n<div class=\"entry-content\">\n<p>O evento acontecer\u00e1 no Cefor \u2013 Centro de Refer\u00eancia em Forma\u00e7\u00e3o e em Educa\u00e7\u00e3o a Dist\u00e2ncia, do Instituto Federal do Esp\u00edrito Santo \u2013 Ifes.<br \/>\nEndere\u00e7o:\u00a0Rua Bar\u00e3o de Mau\u00e1, n\u00ba 30, Jucutuquara, Vit\u00f3ria \u2013 ES<\/p>\n<p>Email de contato: concefor@ifes.edu.br<\/p>\n<p>Para mais informa\u00e7\u00f5es, acesse o\u00a0<a href=\"http:\/\/cefor.ifes.edu.br\/\" target=\"_blank\" rel=\"noopener\">Site do Cefor<\/a>.<\/p>\n<\/div>\n","protected":false},"excerpt":{"rendered":"<p>O evento acontecer\u00e1 no Cefor \u2013 Centro de Refer\u00eancia em Forma\u00e7\u00e3o e em Educa\u00e7\u00e3o a Dist\u00e2ncia, do Instituto Federal do Esp\u00edrito Santo \u2013 Ifes. Endere\u00e7o:\u00a0Rua Bar\u00e3o de Mau\u00e1, n\u00ba 30, Jucutuquara, Vit\u00f3ria \u2013 ES Email de contato: concefor@ifes.edu.br Para mais <a class=\"more-link\" href=\"https:\/\/concefor.cefor.ifes.edu.br\/2018\/contato\/\">Leia mais&#8230; &raquo;<\/a><\/p>\n","protected":false},"author":1,"featured_media":0,"parent":0,"menu_order":0,"comment_status":"closed","ping_status":"open","template":"","meta":[],"_links":{"self":[{"href":"https:\/\/concefor.cefor.ifes.edu.br\/2018\/wp-json\/wp\/v2\/pages\/30"}],"collection":[{"href":"https:\/\/concefor.cefor.ifes.edu.br\/2018\/wp-json\/wp\/v2\/pages"}],"about":[{"href":"https:\/\/concefor.cefor.ifes.edu.br\/2018\/wp-json\/wp\/v2\/types\/page"}],"author":[{"embeddable":true,"href":"https:\/\/concefor.cefor.ifes.edu.br\/2018\/wp-json\/wp\/v2\/users\/1"}],"replies":[{"embeddable":true,"href":"https:\/\/concefor.cefor.ifes.edu.br\/2018\/wp-json\/wp\/v2\/comments?post=30"}],"version-history":[{"count":2,"href":"https:\/\/concefor.cefor.ifes.edu.br\/2018\/wp-json\/wp\/v2\/pages\/30\/revisions"}],"predecessor-version":[{"id":10869,"href":"https:\/\/concefor.cefor.ifes.edu.br\/2018\/wp-json\/wp\/v2\/pages\/30\/revisions\/10869"}],"wp:attachment":[{"href":"https:\/\/concefor.cefor.ifes.edu.br\/2018\/wp-json\/wp\/v2\/media?parent=30"}],"curies":[{"name":"wp","href":"https:\/\/api.w.org\/{rel}","templated":true}]}}

<header class="entry-header">
<h1 class="entry-title"></h1>
</header>
<div class="entry-content">
<p>O evento acontecerá no Cefor – Centro de Referência em Formação e em Educação a Distância, do Instituto Federal do Espírito Santo – Ifes.<br />
Endereço: Rua Barão de Mauá, nº 30, Jucutuquara, Vitória – ES</p>
<p>Email de contato: concefor@ifes.edu.br</p>
<p>Para mais informações, acesse o <a href="http://cefor.ifes.edu.br/" target="_blank" rel="noopener">Site do Cefor</a>.</p>
</div>

<p>O evento acontecerá no Cefor – Centro de Referência em Formação e em Educação a Distância, do Instituto Federal do Espírito Santo – Ifes. Endereço: Rua Barão de Mauá, nº 30, Jucutuquara, Vitória – ES Email de contato: concefor@ifes.edu.br Para mais <a class="more-link" href="https://concefor.cefor.ifes.edu.br/2018/contato/">Leia mais&#8230; &raquo;</a></p>
