{"id":24,"date":"2016-04-12T13:36:33","date_gmt":"2016-04-12T13:36:33","guid":{"rendered":"http:\/\/concefor.cefor.ifes.edu.br\/?page_id=24"},"modified":"2021-08-09T10:00:00","modified_gmt":"2021-08-09T13:00:00","slug":"orientacoes-para-submissao","status":"publish","type":"page","link":"https:\/\/concefor.cefor.ifes.edu.br\/2018\/orientacoes-para-submissao\/","title":{"rendered":"Orienta\u00e7\u00f5es para Submiss\u00e3o"},"content":{"rendered":"<h2>Orienta\u00e7\u00f5es para submiss\u00e3o da Vers\u00e3o Final<\/h2>\n<p>Voc\u00ea dever\u00e1 enviar a vers\u00e3o final do seu trabalho em arquivo .PDF com os nomes de todos os autores e rigorosamente no formato de artigo do Concefor at\u00e9 o dia 22\/07\/2018.<\/p>\n<p>Para submeter a vers\u00e3o final do seu artigo, acesso o <a href=\"http:\/\/ocs.ifes.edu.br\/index.php\/Vitoria_03\/concefor5\/login\" target=\"_blank\" rel=\"noopener\">sistema de submiss\u00e3o<\/a>.<\/p>\n<p>Na guia &#8220;Avalia\u00e7\u00e3o&#8221;, na op\u00e7\u00e3o &#8220;Transferir vers\u00e3o do Autor&#8221;, envie o arquivo PDF da vers\u00e3o final seu artigo.<\/p>\n<p><strong>Aten\u00e7\u00e3o:<\/strong><\/p>\n<p>Para que o artigo seja inclu\u00eddo nos Anais do V Concefor \u00e9 necess\u00e1ria a inscri\u00e7\u00e3o de pelo menos um dos autores e o envio da vers\u00e3o final do artigo no formato indicado pelo V Concefor. Para que todos os autores do artigo apare\u00e7am nos anais, todos os nomes devem aparecer no cadastro do artigo. Verifique, portanto, nos metadados da submiss\u00e3o do artigo se todos os autores est\u00e3o cadastrados.<\/p>\n<h2 style=\"text-align: justify;\">Os Trabalhos<\/h2>\n<p>Os trabalhos de <strong>Comunica\u00e7\u00e3o Coordenada<\/strong> submetidos ao V Congresso Regional de Forma\u00e7\u00e3o e Educa\u00e7\u00e3o a Dist\u00e2ncia passam por um processo de julgamento do tipo <em>blind<\/em> <em>peer review<\/em> (revis\u00e3o cega por pares). Dessa forma, na primeira submiss\u00e3o do trabalho para avalia\u00e7\u00e3o, <strong>a identidade, a afilia\u00e7\u00e3o institucional do autor e qualquer informa\u00e7\u00e3o que o identifique dever\u00e3o ser omitidas<\/strong>, caso contr\u00e1rio, a submiss\u00e3o do trabalho ser\u00e1 automaticamente cancelada.<\/p>\n<p>A avalia\u00e7\u00e3o ser\u00e1 realizada pelos membros do Comit\u00ea Cient\u00edfico do V Concefor, composto por pesquisadores de reconhecida atua\u00e7\u00e3o nas \u00e1reas relacionadas aos eixos tem\u00e1ticos.<\/p>\n<p>Cada trabalho submetido ser\u00e1 avaliado por pelo menos dois avaliadores, membros do Comit\u00ea Cient\u00edfico do V Concefor, e a aceita\u00e7\u00e3o ou n\u00e3o do trabalho ser\u00e1 decidida pelos coordenadores do comit\u00ea cient\u00edfico do V Concefor, conforme os pareceres dos avaliadores.<\/p>\n<h2>Modelo de Artigo do V Concefor<\/h2>\n<p>Vers\u00e3o em .odt (o autor deve conferir as medidas de margens e demais formata\u00e7\u00f5es das normas antes de submeter o trabalho).<\/p>\n<p><a href=\"http:\/\/concefor.cefor.ifes.edu.br\/wp-content\/uploads\/2016\/04\/modeloartigoVConcefor_final_odt.odt\" target=\"_blank\" rel=\"noopener\">Modelo do Artigo do V Concefor para baixar<\/a><\/p>\n<h2>Orienta\u00e7\u00f5es para Submiss\u00e3o<\/h2>\n<h4>Para Cadastro e Acesso ao Sistema de Submiss\u00e3o<\/h4>\n<p>Para submeter um trabalho ao V Concefor, \u00e9 necess\u00e1rio realizar o cadastro no Sistema de Submiss\u00e3o de Trabalhos do evento, conforme orienta\u00e7\u00f5es a seguir:<\/p>\n<p>1. Se o usu\u00e1rio n\u00e3o \u00e9 cadastrado, dever\u00e1 acessar a p\u00e1gina de <a href=\"http:\/\/ocs.ifes.edu.br\/index.php\/Vitoria_03\/concefor5\/user\/account\" target=\"_blank\" rel=\"noopener\">Cadastro do Sistema de Submiss\u00e3o de Trabalho<\/a> e realizar as seguintes a\u00e7\u00f5es:<\/p>\n<ul>\n<li>preencher as suas informa\u00e7\u00f5es pessoais.<\/li>\n<li>em &#8220;Cadastrar como&#8221;, marque a op\u00e7\u00e3o \u201cAutor: Permitido submeter \u00e0 revista\u201d para cadastrar-se como autor. A sele\u00e7\u00e3o das demais op\u00e7\u00f5es fica a crit\u00e9rio do pr\u00f3prio usu\u00e1rio.<\/li>\n<\/ul>\n<p>2. Se o usu\u00e1rio j\u00e1 \u00e9 cadastrado em alguma confer\u00eancia do Sistema de Submiss\u00e3o e Avalia\u00e7\u00e3o do Ifes, dever\u00e1 apenas realizar o <a href=\"http:\/\/ocs.ifes.edu.br\/index.php\/Vitoria_03\/index\/user\/account\" target=\"_blank\" rel=\"noopener\">Cadastro no V Concefor<\/a> e, em \u201cCadastrar como\u201d, marcar a op\u00e7\u00e3o \u201cAutor: Permitido submeter \u00e0 revista\u201c. A sele\u00e7\u00e3o das demais op\u00e7\u00f5es fica a crit\u00e9rio do pr\u00f3prio usu\u00e1rio, depois click em &#8220;criar&#8221;.<\/p>\n<p>Ap\u00f3s cadastrar-se no sistema de submiss\u00e3o de trabalhos, acesse a p\u00e1gina de submiss\u00e3o do V Concefor com seu login e senha.<\/p>\n<h4>Para submeter o seu trabalho ao V Concefor<\/h4>\n<p>1. Acesse o link &#8220;Autor&#8221;, localizado abaixo do nome da Confer\u00eancia V CONGRESSO REGIONAL DE FORMA\u00c7\u00c3O E EDUCA\u00c7\u00c3O A DIST\u00c2NCIA.<\/p>\n<p>2. Em seguida, acesse o link &#8220;CLIQUE AQUI PARA INICIAR O PROCESSO DE SUBMISS\u00c3O&#8221; que aparecer\u00e1 na tela.<\/p>\n<p>3. Confirme que a submiss\u00e3o est\u00e1 em conformidade com as condi\u00e7\u00f5es seguintes, marcando as caixas de sele\u00e7\u00e3o de todas as diretrizes de submiss\u00e3o de trabalhos, para avan\u00e7ar para o Passo 2 do processo.<\/p>\n<p>4. Preencha a Declara\u00e7\u00e3o de Direito Autoral.<\/p>\n<p>5. Em &#8220;COMENT\u00c1RIOS AO DIRETOR DA CONFER\u00caNCIA&#8221;, informe o n\u00famero do eixo tem\u00e1tico para o qual o seu trabalho est\u00e1 sendo submetido. \u00c9 obrigat\u00f3rio informar o eixo tem\u00e1tico para que o seu trabalho seja encaminhado para avalia\u00e7\u00e3o.<\/p>\n<p>6. Aperte o bot\u00e3o &#8220;Salvar e continuar&#8221;.<\/p>\n<p>7. Em seguida, preencha o formul\u00e1rio informando os metadados de submiss\u00e3o, escolha o arquivo a ser submetido e conclua a sua submiss\u00e3o.<\/p>\n<h4 style=\"text-align: justify;\">Outras orienta\u00e7\u00f5es sobre a submiss\u00e3o<\/h4>\n<p style=\"text-align: justify;\">1. Na primeira rodada de submiss\u00f5es, todos os trabalhos dever\u00e3o seguir o modelo de artigo disponibilizado com normas de submiss\u00e3o estabelecidas.<br \/>\n2. Logo, ap\u00f3s a submiss\u00e3o de um trabalho, uma mensagem autom\u00e1tica ser\u00e1 enviada para o endere\u00e7o eletr\u00f4nico da pessoa que realizou a submiss\u00e3o, confirmando o procedimento.<br \/>\n3. Ao submeter um trabalho ao V Concefor, os autores ficam cientes que, para a apresenta\u00e7\u00e3o do trabalho no evento e para a divulga\u00e7\u00e3o nos anais, \u00a0ser\u00e3o necess\u00e1rios o pagamento da inscri\u00e7\u00e3o e a presen\u00e7a de pelo menos um dos autores no evento.<\/p>\n<p style=\"text-align: justify;\"><strong>Nota importante<\/strong>: a emiss\u00e3o de certificados da comunica\u00e7\u00e3o coordenada est\u00e1 condicionada \u00e0 apresenta\u00e7\u00e3o do trabalho. Somente os autores que apresentarem o trabalho receber\u00e3o certificados de apresenta\u00e7\u00e3o.<\/p>\n<h2>D\u00favidas<\/h2>\n<p>Em caso de d\u00favidas, entre em contato com a organiza\u00e7\u00e3o do evento pelo e-mail <a href=\"mailto:submissoes.concefor@ifes.edu.br\">submissoes.concefor@ifes.edu.br<\/a><\/p>\n","protected":false},"excerpt":{"rendered":"<p>Orienta\u00e7\u00f5es para submiss\u00e3o da Vers\u00e3o Final Voc\u00ea dever\u00e1 enviar a vers\u00e3o final do seu trabalho em arquivo .PDF com os nomes de todos os autores e rigorosamente no formato de artigo do Concefor at\u00e9 o dia 22\/07\/2018. Para submeter a <a class=\"more-link\" href=\"https:\/\/concefor.cefor.ifes.edu.br\/2018\/orientacoes-para-submissao\/\">Leia mais&#8230; &raquo;<\/a><\/p>\n","protected":false},"author":1,"featured_media":0,"parent":0,"menu_order":0,"comment_status":"closed","ping_status":"open","template":"","meta":[],"_links":{"self":[{"href":"https:\/\/concefor.cefor.ifes.edu.br\/2018\/wp-json\/wp\/v2\/pages\/24"}],"collection":[{"href":"https:\/\/concefor.cefor.ifes.edu.br\/2018\/wp-json\/wp\/v2\/pages"}],"about":[{"href":"https:\/\/concefor.cefor.ifes.edu.br\/2018\/wp-json\/wp\/v2\/types\/page"}],"author":[{"embeddable":true,"href":"https:\/\/concefor.cefor.ifes.edu.br\/2018\/wp-json\/wp\/v2\/users\/1"}],"replies":[{"embeddable":true,"href":"https:\/\/concefor.cefor.ifes.edu.br\/2018\/wp-json\/wp\/v2\/comments?post=24"}],"version-history":[{"count":2,"href":"https:\/\/concefor.cefor.ifes.edu.br\/2018\/wp-json\/wp\/v2\/pages\/24\/revisions"}],"predecessor-version":[{"id":10880,"href":"https:\/\/concefor.cefor.ifes.edu.br\/2018\/wp-json\/wp\/v2\/pages\/24\/revisions\/10880"}],"wp:attachment":[{"href":"https:\/\/concefor.cefor.ifes.edu.br\/2018\/wp-json\/wp\/v2\/media?parent=24"}],"curies":[{"name":"wp","href":"https:\/\/api.w.org\/{rel}","templated":true}]}}