{"id":1081,"date":"2018-02-27T16:41:32","date_gmt":"2018-02-27T19:41:32","guid":{"rendered":"http:\/\/concefor.cefor.ifes.edu.br\/?page_id=1081"},"modified":"2021-08-09T09:51:16","modified_gmt":"2021-08-09T12:51:16","slug":"informacoes-sobre-a-rede-eletrica","status":"publish","type":"page","link":"https:\/\/concefor.cefor.ifes.edu.br\/2018\/informacoes-sobre-a-rede-eletrica\/","title":{"rendered":"Informa\u00e7\u00f5es sobre a Rede El\u00e9trica"},"content":{"rendered":"<p>O padr\u00e3o oficial de tomadas no Brasil \u00e9 normatizada pela NBR 14136, baseada na IEC 60906-1, sendo este o escolhido por ser mais seguro pois conta com o condutor terra. Este modelo \u00e9 apropriado para aparelhos que necessitem de corrente at\u00e9 10A e at\u00e9 20A.<br \/>\nA Tens\u00e3o el\u00e9trica distribu\u00edda no Brasil varia conforme o estado e muitas vezes conforme a cidade, em Vit\u00f3ria a tens\u00e3o s\u00e3o 110 Volts. Vale lembrar que estas voltagens podem variar, em hot\u00e9is, por exemplo. Alguns hot\u00e9is oferecem tomadas nas 2 voltagens, ent\u00e3o pergunte antes sempre antes de us\u00e1-las.<\/p>\n","protected":false},"excerpt":{"rendered":"<p>O padr\u00e3o oficial de tomadas no Brasil \u00e9 normatizada pela NBR 14136, baseada na IEC 60906-1, sendo este o escolhido por ser mais seguro pois conta com o condutor terra. Este modelo \u00e9 apropriado para aparelhos que necessitem de corrente <a class=\"more-link\" href=\"https:\/\/concefor.cefor.ifes.edu.br\/2018\/informacoes-sobre-a-rede-eletrica\/\">Leia mais&#8230; &raquo;<\/a><\/p>\n","protected":false},"author":1,"featured_media":0,"parent":0,"menu_order":0,"comment_status":"closed","ping_status":"open","template":"","meta":[],"_links":{"self":[{"href":"https:\/\/concefor.cefor.ifes.edu.br\/2018\/wp-json\/wp\/v2\/pages\/1081"}],"collection":[{"href":"https:\/\/concefor.cefor.ifes.edu.br\/2018\/wp-json\/wp\/v2\/pages"}],"about":[{"href":"https:\/\/concefor.cefor.ifes.edu.br\/2018\/wp-json\/wp\/v2\/types\/page"}],"author":[{"embeddable":true,"href":"https:\/\/concefor.cefor.ifes.edu.br\/2018\/wp-json\/wp\/v2\/users\/1"}],"replies":[{"embeddable":true,"href":"https:\/\/concefor.cefor.ifes.edu.br\/2018\/wp-json\/wp\/v2\/comments?post=1081"}],"version-history":[{"count":2,"href":"https:\/\/concefor.cefor.ifes.edu.br\/2018\/wp-json\/wp\/v2\/pages\/1081\/revisions"}],"predecessor-version":[{"id":10872,"href":"https:\/\/concefor.cefor.ifes.edu.br\/2018\/wp-json\/wp\/v2\/pages\/1081\/revisions\/10872"}],"wp:attachment":[{"href":"https:\/\/concefor.cefor.ifes.edu.br\/2018\/wp-json\/wp\/v2\/media?parent=1081"}],"curies":[{"name":"wp","href":"https:\/\/api.w.org\/{rel}","templated":true}]}}