{"id":1005,"date":"2018-02-22T15:09:30","date_gmt":"2018-02-22T18:09:30","guid":{"rendered":"http:\/\/concefor.cefor.ifes.edu.br\/?page_id=1005"},"modified":"2021-08-09T09:51:55","modified_gmt":"2021-08-09T12:51:55","slug":"localizacao-2","status":"publish","type":"page","link":"https:\/\/concefor.cefor.ifes.edu.br\/2018\/localizacao-2\/","title":{"rendered":"Localiza\u00e7\u00e3o"},"content":{"rendered":"<h2><\/h2>\n<p>O evento acontecer\u00e1 no Cefor &#8211; Centro de Refer\u00eancia em Forma\u00e7\u00e3o e em Educa\u00e7\u00e3o a Dist\u00e2ncia, do Instituto Federal do Esp\u00edrito Santo \u2013 Ifes.<br \/>\nEndere\u00e7o:\u00a0Rua Bar\u00e3o de Mau\u00e1, n\u00ba 30, Jucutuquara, Vit\u00f3ria &#8211; ES<\/p>\n<p>Para mais informa\u00e7\u00f5es, acesso o\u00a0<a href=\"http:\/\/cefor.ifes.edu.br\/\" target=\"_blank\" rel=\"noopener\">Site do Cefor<\/a>.<\/p>\n","protected":false},"excerpt":{"rendered":"<p>O evento acontecer\u00e1 no Cefor &#8211; Centro de Refer\u00eancia em Forma\u00e7\u00e3o e em Educa\u00e7\u00e3o a Dist\u00e2ncia, do Instituto Federal do Esp\u00edrito Santo \u2013 Ifes. Endere\u00e7o:\u00a0Rua Bar\u00e3o de Mau\u00e1, n\u00ba 30, Jucutuquara, Vit\u00f3ria &#8211; ES Para mais informa\u00e7\u00f5es, acesso o\u00a0Site do <a class=\"more-link\" href=\"https:\/\/concefor.cefor.ifes.edu.br\/2018\/localizacao-2\/\">Leia mais&#8230; &raquo;<\/a><\/p>\n","protected":false},"author":1,"featured_media":0,"parent":0,"menu_order":0,"comment_status":"closed","ping_status":"closed","template":"","meta":[],"_links":{"self":[{"href":"https:\/\/concefor.cefor.ifes.edu.br\/2018\/wp-json\/wp\/v2\/pages\/1005"}],"collection":[{"href":"https:\/\/concefor.cefor.ifes.edu.br\/2018\/wp-json\/wp\/v2\/pages"}],"about":[{"href":"https:\/\/concefor.cefor.ifes.edu.br\/2018\/wp-json\/wp\/v2\/types\/page"}],"author":[{"embeddable":true,"href":"https:\/\/concefor.cefor.ifes.edu.br\/2018\/wp-json\/wp\/v2\/users\/1"}],"replies":[{"embeddable":true,"href":"https:\/\/concefor.cefor.ifes.edu.br\/2018\/wp-json\/wp\/v2\/comments?post=1005"}],"version-history":[{"count":2,"href":"https:\/\/concefor.cefor.ifes.edu.br\/2018\/wp-json\/wp\/v2\/pages\/1005\/revisions"}],"predecessor-version":[{"id":10874,"href":"https:\/\/concefor.cefor.ifes.edu.br\/2018\/wp-json\/wp\/v2\/pages\/1005\/revisions\/10874"}],"wp:attachment":[{"href":"https:\/\/concefor.cefor.ifes.edu.br\/2018\/wp-json\/wp\/v2\/media?parent=1005"}],"curies":[{"name":"wp","href":"https:\/\/api.w.org\/{rel}","templated":true}]}}

Localização

<h2></h2>
<p>O evento acontecerá no Cefor &#8211; Centro de Referência em Formação e em Educação a Distância, do Instituto Federal do Espírito Santo – Ifes.<br />
Endereço: Rua Barão de Mauá, nº 30, Jucutuquara, Vitória &#8211; ES</p>
<p>Para mais informações, acesso o <a href="http://cefor.ifes.edu.br/" target="_blank" rel="noopener">Site do Cefor</a>.</p>

<p>O evento acontecerá no Cefor &#8211; Centro de Referência em Formação e em Educação a Distância, do Instituto Federal do Espírito Santo – Ifes. Endereço: Rua Barão de Mauá, nº 30, Jucutuquara, Vitória &#8211; ES Para mais informações, acesso o Site do <a class="more-link" href="https://concefor.cefor.ifes.edu.br/2018/localizacao-2/">Leia mais&#8230; &raquo;</a></p>
