{"id":437,"date":"2017-04-13T11:05:00","date_gmt":"2017-04-13T14:05:00","guid":{"rendered":"http:\/\/concefor.cefor.ifes.edu.br\/?page_id=437"},"modified":"2017-04-13T11:05:00","modified_gmt":"2017-04-13T14:05:00","slug":"orientacoes","status":"publish","type":"page","link":"https:\/\/concefor.cefor.ifes.edu.br\/2017\/orientacoes\/","title":{"rendered":"Orienta\u00e7\u00f5es para Submiss\u00e3o"},"content":{"rendered":"<h3>Orienta\u00e7\u00f5es para Cadastro e Acesso ao sistema de Submiss\u00e3o<\/h3>\n<p>Orienta\u00e7\u00f5es para Cadastro e Acesso ao sistema de Submiss\u00e3o<br \/>\nPara submeter um trabalho para o IV Concefor, \u00e9 necess\u00e1rio realizar o cadastro no sistema de submiss\u00e3o de trabalhos do evento, conforme orienta\u00e7\u00f5es a seguir:<\/p>\n<p>1. Se o usu\u00e1rio <strong>n\u00e3o \u00e9 cadastrado<\/strong>, dever\u00e1 acessar a p\u00e1gina de <strong><a href=\"http:\/\/ocs.ifes.edu.br\/index.php\/Cefor_IVConcefor\/concefor4\/user\/account\" target=\"_blank\">Cadastro<\/a><\/strong> e realizar as seguintes a\u00e7\u00f5es:<\/p>\n<ul>\n<li>Preencher as suas informa\u00e7\u00f5es pessoais.<\/li>\n<li>Em <strong>Cadastrar como<\/strong>, marque a op\u00e7\u00e3o &#8220;<em>Autor: Permitido submeter \u00e0 revista<\/em>&#8221; para cadastrar-se como autor. A sele\u00e7\u00e3o das demais op\u00e7\u00f5es fica a crit\u00e9rio do pr\u00f3prio usu\u00e1rio.<\/li>\n<\/ul>\n<p>2. Se o usu\u00e1rio <strong>j\u00e1 \u00e9 cadastrado<\/strong> em alguma confer\u00eancia do <a href=\"http:\/\/ocs.ifes.edu.br\/\" target=\"_blank\">Sistema de Submiss\u00e3o e Avalia\u00e7\u00e3o do Ifes<\/a>, dever\u00e1 apenas realizar o <a href=\"http:\/\/ocs.ifes.edu.br\/index.php\/Cefor_IVConcefor\/concefor4\/user\/account?existingUser=1\" target=\"_blank\"><strong>Cadastro no<\/strong> <strong>IV Concefor<\/strong><\/a> e, em &#8220;<em>Cadastrar<\/em> <em>como&#8221;<\/em>, marcar a op\u00e7\u00e3o &#8220;<em>Autor: Permitido submeter \u00e0 revista<\/em>&#8220;. A sele\u00e7\u00e3o das demais op\u00e7\u00f5es ficam a crit\u00e9rio do pr\u00f3prio usu\u00e1rio.<\/p>\n<p>Ap\u00f3s cadastrar-se no sistema de submiss\u00e3o de trabalhos, acesse a p\u00e1gina de submiss\u00e3o do IV Concefor com seu login e senha.<\/p>\n<p>&nbsp;<\/p>\n<p>Para submeter o seu trabalho, execute as seguintes a\u00e7\u00f5es:<\/p>\n<p>1. Acesse o link <em>Autor<\/em>, localizado abaixo do nome da Confer\u00eancia<em> IV CONGRESSO REGIONAL DE FORMA\u00c7\u00c3O E EDUCA\u00c7\u00c3O A DIST\u00c2NCIA<\/em>.<br \/>\n2. Em seguida, acesse o link <em>CLIQUE AQUI PARA INICIAR O PROCESSO DE SUBMISS\u00c3O<\/em>.<br \/>\n3. Confirme que a submiss\u00e3o est\u00e1 em conformidade com as condi\u00e7\u00f5es seguintes, marcando as caixas de sele\u00e7\u00e3o de<strong> todas as diretrizes de submiss\u00e3o de trabalhos<\/strong>, para avan\u00e7ar para o <strong>Passo 2 do processo<\/strong>.<br \/>\n4. Preencha a Declara\u00e7\u00e3o de Direito Autoral.<br \/>\n5. Em <strong>COMENT\u00c1RIOS AO DIRETOR DA CONFER\u00caNCIA<\/strong>, informe o eixo tem\u00e1tico para o qual o seu trabalho est\u00e1 sendo submetido.<br \/>\n6. Aperte o bot\u00e3o <em>Salvar e continua<\/em>r.<br \/>\n7. Em seguida, preencha o formul\u00e1rio informando os metadados de submiss\u00e3o, escolha o arquivo a ser submetido e conclua a sua submiss\u00e3o.<\/p>\n<p>&nbsp;<\/p>\n<h3>Normas de Padroniza\u00e7\u00e3o dos Trabalhos<\/h3>\n<p>1. As comunica\u00e7\u00f5es orais ter\u00e3o entre 8 a 10 p\u00e1ginas e os p\u00f4steres ter\u00e3o de 3 a 5 p\u00e1ginas.<br \/>\n2. A p\u00e1gina dever\u00e1 ser configurada em papel A4, utilizando os seguintes par\u00e2metros: margem superior 3,0 cm; inferior 2,0 cm; lateral esquerda 3,0 cm; lateral direita 3,0 cm.<br \/>\n3. Devem ser redigidos em Word (.docx), com texto na fonte Arial, corpo 12, justificado, usando apenas uma das faces do papel, com entrelinhas de 1.5, com t\u00edtulo e subt\u00edtulos alinhados \u00e0 esquerda e com inser\u00e7\u00e3o do n\u00famero da p\u00e1gina no lado direito inferior.<br \/>\n4. A estrutura da primeira p\u00e1gina \u00e9 a seguinte:<\/p>\n<ul>\n<li>T\u00edtulo centralizado, usando letra mai\u00fascula com corpo 16 e em negrito. Palavras estrangeiras dever\u00e3o ser grafadas em it\u00e1lico.<\/li>\n<li>Ap\u00f3s o espa\u00e7o de duas linhas, colocar o nome do primeiro autor em corpo 12 centralizado.<\/li>\n<li>Em seguida (ao lado do nome do autor e separado por um h\u00edfen), colocar o nome da institui\u00e7\u00e3o a que estiver vinculado e o endere\u00e7o eletr\u00f4nico (e-mail), usando fonte de corpo 10.<\/li>\n<li>Fazer o mesmo para os demais autores em linhas separadas para cada autor.<\/li>\n<\/ul>\n<p><strong>Observa\u00e7\u00e3o Importante<\/strong>:<br \/>\nNa primeira vers\u00e3o do trabalho submetida para avalia\u00e7\u00e3o, os nomes, e-mails, institui\u00e7\u00f5es ou qualquer outra informa\u00e7\u00e3o que possa identificar os autores dever\u00e3o ser OMITIDOS. N\u00e3o omitindo as informa\u00e7\u00f5es de identifica\u00e7\u00e3o na vers\u00e3o submetida para avalia\u00e7\u00e3o, o trabalho n\u00e3o ser\u00e1 avaliado.<\/p>\n<ul>\n<li>Ap\u00f3s o espa\u00e7o de duas linhas, colocar o t\u00edtulo \u201cRESUMO\u201d em portugu\u00eas com fonte Arial, corpo 12 centralizado em negrito e abaixo o texto do resumo em portugu\u00eas, Arial 12 it\u00e1lico justificado, espa\u00e7o simples com no m\u00e1ximo 200 palavras. Ap\u00f3s o espa\u00e7o de uma linha, as palavras-chave em Arial 12 negrito separadas por ponto e v\u00edrgula.<\/li>\n<\/ul>\n<p>5. Ap\u00f3s o resumo, inserir as palavras-chave (no m\u00e1ximo tr\u00eas) e deixar espa\u00e7o de duas linhas e iniciar o texto do trabalho, preferencialmente insira uma quebra de p\u00e1gina.<br \/>\n6. A organiza\u00e7\u00e3o do trabalho dever\u00e1 conter introdu\u00e7\u00e3o, objetivos, referencial te\u00f3rico, procedimentos metodol\u00f3gicos, apresenta\u00e7\u00e3o e discuss\u00e3o dos resultados, conclus\u00f5es e refer\u00eancias bibliogr\u00e1ficas.<br \/>\n7. Cita\u00e7\u00f5es e refer\u00eancias bibliogr\u00e1ficas dever\u00e3o estar no formato ABNT.<br \/>\n8. Os t\u00edtulos das se\u00e7\u00f5es internas devem estar em negrito e alinhados \u00e0 esquerda.<\/p>\n<p>&nbsp;<\/p>\n<h3>Arquivos modelos para Download<\/h3>\n<p><a href=\"http:\/\/concefor.cefor.ifes.edu.br\/2017\/wp-content\/uploads\/sites\/4\/2017\/04\/modeloartigoIVConcefor-final_doc.doc\" target=\"_blank\">Vers\u00e3o em .doc<\/a>\u00a0(<span style=\"color: #404040\"><span style=\"font-family: inherit\"><span style=\"font-size: medium\">a vers\u00e3o .doc ser\u00e1 melhor visualizada no editor de textos Word, o autor deve conferir as medidas de margens e demais formata\u00e7\u00f5es das normas antes de submeter o trabalho)<\/span><\/span><\/span><\/p>\n<p><a href=\"http:\/\/concefor.cefor.ifes.edu.br\/2017\/wp-content\/uploads\/sites\/4\/2017\/04\/modeloartigoIVConcefor-final_odt.odt\" target=\"_blank\">Vers\u00e3o em .odt<\/a>\u00a0(o autor deve conferir as medidas de margens e demais formata\u00e7\u00f5es das normas antes de submeter o trabalho)<\/p>\n<p>Observa\u00e7\u00e3o: na primeira rodada de submiss\u00f5es, todos os trabalhos, mesmo aqueles que ser\u00e3o apresentados na modalidade p\u00f4ster, dever\u00e3o seguir o modelo de artigo disponibilizado seguindo as normas de submiss\u00e3o estabelecidas. Ap\u00f3s avalia\u00e7\u00e3o dos trabalhos, ser\u00e1 disponibilizado o modelo de p\u00f4ster para apresenta\u00e7\u00e3o de trabalhos aceitos para apresenta\u00e7\u00e3o em p\u00f4ster nos dias do evento.<\/p>\n<p>&nbsp;<\/p>\n<h3>Resultado da avalia\u00e7\u00e3o dos trabalhos &#8211; Concefor 2017<\/h3>\n<p><strong><a href=\"http:\/\/concefor.cefor.ifes.edu.br\/wp-content\/uploads\/2017\/08\/IV-Concefor-Organiza%C3%A7%C3%A3o-da-avalia%C3%A7%C3%A3o-Posters.pdf\" target=\"_blank\">Resultado das submiss\u00f5es<\/a><\/strong><\/p>\n<p>Observa\u00e7\u00e3o: os autores dos trabalhos aprovados dever\u00e3o fazer nova submiss\u00e3o, via sistema OCS, at\u00e9 o dia 19\/06\/2017, com os ajustes solicitados pelos avaliadores, que constam no email que receberam com a notifica\u00e7\u00e3o de aceite.<\/p>\n","protected":false},"excerpt":{"rendered":"<p>Orienta\u00e7\u00f5es para Cadastro e Acesso ao sistema de Submiss\u00e3o Orienta\u00e7\u00f5es para Cadastro e Acesso ao sistema de Submiss\u00e3o Para submeter um trabalho para o IV Concefor, \u00e9 necess\u00e1rio realizar o cadastro no sistema de submiss\u00e3o de trabalhos do evento, conforme <a class=\"more-link\" href=\"https:\/\/concefor.cefor.ifes.edu.br\/2017\/orientacoes\/\">Leia mais&#8230; &raquo;<\/a><\/p>\n","protected":false},"author":1,"featured_media":0,"parent":0,"menu_order":0,"comment_status":"closed","ping_status":"closed","template":"","meta":[],"_links":{"self":[{"href":"https:\/\/concefor.cefor.ifes.edu.br\/2017\/wp-json\/wp\/v2\/pages\/437"}],"collection":[{"href":"https:\/\/concefor.cefor.ifes.edu.br\/2017\/wp-json\/wp\/v2\/pages"}],"about":[{"href":"https:\/\/concefor.cefor.ifes.edu.br\/2017\/wp-json\/wp\/v2\/types\/page"}],"author":[{"embeddable":true,"href":"https:\/\/concefor.cefor.ifes.edu.br\/2017\/wp-json\/wp\/v2\/users\/1"}],"replies":[{"embeddable":true,"href":"https:\/\/concefor.cefor.ifes.edu.br\/2017\/wp-json\/wp\/v2\/comments?post=437"}],"version-history":[{"count":0,"href":"https:\/\/concefor.cefor.ifes.edu.br\/2017\/wp-json\/wp\/v2\/pages\/437\/revisions"}],"wp:attachment":[{"href":"https:\/\/concefor.cefor.ifes.edu.br\/2017\/wp-json\/wp\/v2\/media?parent=437"}],"curies":[{"name":"wp","href":"https:\/\/api.w.org\/{rel}","templated":true}]}}