{"id":6,"date":"2016-04-11T18:40:45","date_gmt":"2016-04-11T18:40:45","guid":{"rendered":"http:\/\/concefor.cefor.ifes.edu.br\/?page_id=2"},"modified":"2017-04-10T11:10:28","modified_gmt":"2017-04-10T11:10:28","slug":"oevento","status":"publish","type":"page","link":"https:\/\/concefor.cefor.ifes.edu.br\/2016\/","title":{"rendered":"O Evento"},"content":{"rendered":"<p style=\"text-align: justify;\">Com a finalidade de promover um encontro entre pesquisadores, alunos e profissionais interessados na tem\u00e1tica &#8220;Metodologias inovadoras em educa\u00e7\u00e3o para o s\u00e9culo XXI&#8221;, o <strong>III Congresso Regional de Forma\u00e7\u00e3o e Educa\u00e7\u00e3o a Dist\u00e2ncia &#8211; Concefor <\/strong>objetiva ser um importante espa\u00e7o para o interc\u00e2mbio de ideias e experi\u00eancias sobre a presen\u00e7a e a inser\u00e7\u00e3o das TIC na educa\u00e7\u00e3o.<\/p>\n<p style=\"text-align: justify;\">O <strong>III Concefor<\/strong> \u00e9 um evento anual de abrang\u00eancia regional promovido pelo <strong>Centro de Refer\u00eancia em Forma\u00e7\u00e3o e em Educa\u00e7\u00e3o a Dist\u00e2ncia \u2013 Cefor<\/strong> do Instituto Federal de Educa\u00e7\u00e3o do Esp\u00edrito Santo &#8211; Ifes e congrega os eventos, anteriormente realizados, da P\u00f3s-gradua\u00e7\u00e3o em Inform\u00e1tica na Educa\u00e7\u00e3o (PIE), P\u00f3s-gradua\u00e7\u00e3o em Tecnologias Educacionais (TECEDU) e Capacita\u00e7\u00e3o Continuada dos Profissionais que atuam na Educa\u00e7\u00e3o a Dist\u00e2ncia do Ifes.<\/p>\n<p style=\"text-align: justify;\">Este\u00a0evento\u00a0acontecer\u00e1 nos dias <strong>12 e 13 de agosto de 2016<\/strong>\u00a0e contar\u00e1 com\u00a0palestras, mesas redondas, grupos de trabalho, f\u00f3runs e comunica\u00e7\u00f5es cient\u00edficas.<\/p>\n<p>&nbsp;<\/p>\n<h2>Hist\u00f3rico do Evento<\/h2>\n<p style=\"text-align: justify;\">No dia 5 de novembro de 2011, foi realizado no Ifes\/Campus Serra o <strong>I Encontro de Inform\u00e1tica na Educa\u00e7\u00e3o<\/strong>. O tema do evento foi <em>\u201cUm caminho de possibilidades e desafios\u201d<\/em>, o qual contou com palestra sobre o mesmo tema realizada pela profa. Dra. Isaura Nobre. O encontro teve como proposta possibilitar reflex\u00f5es e discuss\u00f5es quanto \u00e0s pesquisas desenvolvidas nas \u00e1reas de Inform\u00e1tica e Educa\u00e7\u00e3o a partir dos Trabalhos de Conclus\u00e3o de Curso (TCC) realizados pelos alunos da turma de 2010 do curso de P\u00f3s-gradua\u00e7\u00e3o em Inform\u00e1tica na Educa\u00e7\u00e3o. Buscou-se, ainda, ampliar a oportunidade de intera\u00e7\u00e3o entre os profissionais, pesquisadores, alunos, professores, tutores e interessados no tema abordado.<\/p>\n<p style=\"text-align: justify;\">Em 2012, nos dias 1 e 2 de mar\u00e7o, foi realizado o <strong>II Encontro de Inform\u00e1tica na Educa\u00e7\u00e3o<\/strong>, tamb\u00e9m no Ifes\/Campus Serra. O tema daquele ano foi <em>\u201cO uso das redes sociais na educa\u00e7\u00e3o\u201d<\/em>, e os objetivos do evento foram possibilitar reflex\u00f5es e discuss\u00f5es quanto \u00e0s pesquisas desenvolvidas nas \u00e1reas de inform\u00e1tica e educa\u00e7\u00e3o a partir dos Trabalhos de Conclus\u00e3o de Curso (TCC) dos alunos da turma de 2011 do curso de P\u00f3s-gradua\u00e7\u00e3o em Inform\u00e1tica na Educa\u00e7\u00e3o. Naquele ano, o evento contou com as apresenta\u00e7\u00f5es de TCC realizadas pelos alunos do curso de P\u00f3s-gradua\u00e7\u00e3o em Inform\u00e1tica na Educa\u00e7\u00e3o, mesa redonda e palestra sobre com o tema do evento, realizada pelo prof. Jos\u00e9 Armando Valente, da Unicamp.<\/p>\n<p style=\"text-align: justify;\">Em 2014, nos dias 04 e 05 de abril, al\u00e9m do <strong>III Encontro de Inform\u00e1tica na Educa\u00e7\u00e3o<\/strong>, que abarcou as bancas de apresenta\u00e7\u00e3o de TCC dos alunos do curso de P\u00f3s-gradua\u00e7\u00e3o em Inform\u00e1tica na Educa\u00e7\u00e3o, aconteceu tamb\u00e9m o <strong>I Encontro Regional de Educa\u00e7\u00e3o e Tecnologia do Esp\u00edrito Santo<\/strong>, ambos com a proposta de realizar debates sobre as tend\u00eancias que surgiam em tecnologias educacionais. Este evento, que teve como principal palestrante o prof. Jo\u00e3o Mattar, da Universidade Anhembi Morumbi, contou com a apresenta\u00e7\u00e3o de p\u00f4steres para divulga\u00e7\u00e3o de trabalhos de pesquisadores da \u00e1rea.<\/p>\n<p style=\"text-align: justify;\">Ainda neste ano de 2014, no dia 22 de novembro, no Campus Cariacica do Ifes, o Cefor realizou o <strong>I Semin\u00e1rio de Forma\u00e7\u00e3o e Educa\u00e7\u00e3o a Dist\u00e2ncia <\/strong>e o <strong>VI Encontro de Capacita\u00e7\u00e3o Continuada \u2013 UAB<\/strong>, com o objetivo de promover a capacita\u00e7\u00e3o continuada de professores e tutores que atuam em cursos ofertados a dist\u00e2ncia no Ifes via fomento UAB, al\u00e9m de estimular e disseminar conceitos e pr\u00e1sticas de EaD \u00e0 comunidade do Ifes. O evento contou com palestra ministrada pela Doutora em Inform\u00e1tica na Educa\u00e7\u00e3o Rosane Arag\u00f3n, a qual abordou a import\u00e2ncia da reflex\u00e3o sobre o processo de ensino-aprendizagem no ambiente digital e os desafios da modalidade de ensino a dist\u00e2ncia, bem como as possibilidades de di\u00e1logo entre aluno, tutor e professor. Na ocasi\u00e3o, realizaram-se, tamb\u00e9m, Grupos de Trabalho tem\u00e1ticos, encontro de equipe multidisciplinar do curso e professores (curso T\u00e9cnico em Administra\u00e7\u00e3o), al\u00e9m do F\u00f3rum de Coordenadores de Polo e-Tec. Al\u00e9m dos participantes presentes, aproximadamente 120 pessoas acompanharam o evento por meio da transmiss\u00e3o online.<\/p>\n<p style=\"text-align: justify;\">No ano seguinte, em 2015, a programa\u00e7\u00e3o foi ampliada e o evento contou com a apresenta\u00e7\u00e3o de trabalhos em comunica\u00e7\u00e3o oral e p\u00f4steres, al\u00e9m de uma parte cultural. Assim, o <strong>II Encontro Regional de Educa\u00e7\u00e3o e Tecnologia do Esp\u00edrito Santo<\/strong> foi realizado nos dias 8 e 9 de maio, tamb\u00e9m no Ifes\/Campus Serra. O tema do evento foi <em>\u201cTend\u00eancias da Educa\u00e7\u00e3o na Cultura Digital\u201d<\/em> e teve como principal palestrante a profa. Lucia Santaella, da Pontif\u00edcia Universidade Cat\u00f3lica de S\u00e3o Paulo. Junto a este evento foi realizado o <strong>IV Encontro de Inform\u00e1tica na Educa\u00e7\u00e3o<\/strong>, com as bancas de apresenta\u00e7\u00e3o dos TCC dos alunos do curso de P\u00f3s-gradua\u00e7\u00e3o em Inform\u00e1tica na Educa\u00e7\u00e3o.<\/p>\n<p style=\"text-align: justify;\">Tamb\u00e9m neste ano de 2015, no dia 28 de novembro, no Campus Serra do Ifes, o Cefor realizou o <strong>II Semin\u00e1rio de Forma\u00e7\u00e3o e Educa\u00e7\u00e3o a dist\u00e2ncia <\/strong>com o tema <em>Pr\u00e1ticas docentes e uso de tecnologias, <\/em>cujo evento teve por finalidade proporcionar \u00e0 comunidade acad\u00eamica e profissional um espa\u00e7o para reflex\u00e3o, aquisi\u00e7\u00e3o de conhecimentos e discuss\u00f5es a respeito das pr\u00e1ticas docentes e o uso de tecnologias na educa\u00e7\u00e3o. Durante este Semin\u00e1rio e com o objetivo de proporcionar capacita\u00e7\u00e3o continuada de professores e tutores que atuam em cursos ofertados a dist\u00e2ncia no Ifes por fomento da UAB, ocorreu tamb\u00e9m o <strong>VII Encontro da Capacita\u00e7\u00e3o Continuada \u2013 UAB<\/strong>, cuja programa\u00e7\u00e3o aconteceu na forma de mesa redonda, f\u00f3rum e comunica\u00e7\u00e3o cient\u00edfica em que foram abordados temas relacionados \u00e0 Educa\u00e7\u00e3o a Dist\u00e2ncia.<\/p>\n<p>&nbsp;<\/p>\n<h2>Eixos Tem\u00e1ticos<\/h2>\n<ul>\n<li>Pol\u00edticas educacionais e curr\u00edculo.<\/li>\n<li>Forma\u00e7\u00e3o inicial e continuada de educadores.<\/li>\n<li>Metodologias e Pr\u00e1ticas Pedag\u00f3gicas Educa\u00e7\u00e3o B\u00e1sica, Profissional e Tecnol\u00f3gica.<\/li>\n<li>Educa\u00e7\u00e3o n\u00e3o formal,\u00a0Sustentabilidade, Diversidades e Inclus\u00e3o Social.<\/li>\n<li>Tecnologias Digitais no processo educativo.<\/li>\n<li>Hist\u00f3ria e mem\u00f3ria dos processos educativos.<\/li>\n<\/ul>\n<p>&nbsp;<\/p>\n<h2>Localiza\u00e7\u00e3o<\/h2>\n<p>O evento acontecer\u00e1 no Cefor &#8211; Centro de Refer\u00eancia em Forma\u00e7\u00e3o e em Educa\u00e7\u00e3o a Dist\u00e2ncia, do Instituto Federal do Esp\u00edrito Santo \u2013 Ifes.<br \/>\nEndere\u00e7o:\u00a0Rua bar\u00e3o de Mau\u00e1, n\u00ba 30, Jucutuquara, Vit\u00f3ria &#8211; ES<\/p>\n<p>&nbsp;<\/p>\n<h2>Equipe<\/h2>\n<div class=\"page\" title=\"Page 2\">\n<div class=\"section\">\n<div class=\"layoutArea\">\n<div class=\"column\">\n<h5>Coordena\u00e7\u00e3o geral<\/h5>\n<div class=\"page\" title=\"Page 2\">\n<div class=\"section\">\n<div class=\"layoutArea\">\n<div class=\"column\">\n<ul>\n<li>Prof<sup>a<\/sup>. Dr<sup>a<\/sup>. Danielli Veiga Carneiro Sondermann<\/li>\n<li>Prof<sup>a<\/sup>. Dr<sup>a<\/sup>. Maria Alice Veiga Ferreira de Souza<\/li>\n<li>Prof<sup>a<\/sup>. Dr<sup>a<\/sup>. Maria Auxiliadora Vilela Paiva<\/li>\n<li>Prof. Dr. Sidnei Quezada Meireles Leite<\/li>\n<li>Prof<sup>a<\/sup>. Esp. Solimara Ravani de Sant&#8217;Ana<\/li>\n<li>Prof<sup>a<\/sup>. Dr<sup>a<\/sup>. Vanessa Battestin Nunes<\/li>\n<\/ul>\n<h5>Organiza\u00e7\u00e3o &#8211; Cefor<\/h5>\n<ul>\n<li>Prof<sup>a<\/sup>. Ms. Dulcil\u00e9ia Marchesi Costa<\/li>\n<li>Prof<sup>a<\/sup>. Ms. Eduarda De Biase Ferrari Gomes<\/li>\n<li>Prof<sup>a<\/sup>. Ms. Esther Ortlieb Faria de Almeida<\/li>\n<li>Prof<sup>a<\/sup>. Ms. Fabiana Chagas de Andrade<\/li>\n<li>Prof<sup>a<\/sup>. Dr<sup>a<\/sup>. Jaqueline Maissiat<\/li>\n<li>Prof<sup>a<\/sup>. Ms. Lidiane Leite Vasconcelos<\/li>\n<li>Prof<sup>a<\/sup>. Dr<sup>a<\/sup>. Ligia Arantes Sad<\/li>\n<li>Prof<sup>a<\/sup>. Ms. Livia Scheiner<\/li>\n<li>Prof<sup>a<\/sup>. Dr<sup>a<\/sup>. M\u00e1rcia Gon\u00e7alves de Oliveira<\/li>\n<li>Prof<sup>a<\/sup>. Dr<sup>a<\/sup>. Maria das Gra\u00e7as Ferreira Lobino<\/li>\n<li>Prof<sup>a<\/sup>. Dr<sup>a<\/sup>. Mariella Berger Andrade<\/li>\n<li>Prof<sup>a<\/sup>. Dr<sup>a<\/sup>. Marize Lyra Silva Passos<\/li>\n<li>Prof<sup>a<\/sup>. Dr<sup>a<\/sup>. Poliana Dar\u00e9 Zampirolli Pires<\/li>\n<li>T\u00e9c. Rosin\u00e9ia Manzini de Souza<\/li>\n<li>Prof<sup>a<\/sup>. Ms. Rutinelli da Penha F\u00e1vero<\/li>\n<li>Prof<sup>a<\/sup>. Ms. Teresa Cristina Mat\u00e9 Calvo<\/li>\n<li>Prof<sup>a<\/sup>. Dr<sup>a<\/sup>. Vilma Reis Terra<\/li>\n<li>Ms. Viviane Bessa Lopes Alvarenga<\/li>\n<li>Prof<sup>a<\/sup>. Ms. Yvina Pava Baldo<\/li>\n<\/ul>\n<h5>Organiza\u00e7\u00e3o &#8211; Alunos<\/h5>\n<ul>\n<li>Adriana da Concei\u00e7\u00e3o Tesch<\/li>\n<li>Alexandre Elias de Amorim<\/li>\n<li>Bianca Pereira das Neves<\/li>\n<li>Fabiano Martim Rola Filho<\/li>\n<li>Fabiano Rodrigues de Paula<\/li>\n<li>Guilherme Augusto Maciel Ribeiro<\/li>\n<li>Izabely Almeida Furtado Correa<\/li>\n<li>Josias Dioni Bravim<\/li>\n<li>Noeme Nascimento Martins<\/li>\n<li>Rafael Barbosa da Silva<\/li>\n<li>Ra\u00edza Carla Mattos Santana<\/li>\n<li>Renan Oliveira Alto\u00e9<\/li>\n<li>Sue\u00e9llen Kruger Sancio<\/li>\n<li>Vanessa Ribeiro Gaigher<\/li>\n<\/ul>\n<h5><\/h5>\n<\/div>\n<\/div>\n<\/div>\n<\/div>\n<\/div>\n<\/div>\n<\/div>\n<\/div>\n","protected":false},"excerpt":{"rendered":"<p>Com a finalidade de promover um encontro entre pesquisadores, alunos e profissionais interessados na tem\u00e1tica &#8220;Metodologias inovadoras em educa\u00e7\u00e3o para o s\u00e9culo XXI&#8221;, o III Congresso Regional de Forma\u00e7\u00e3o e Educa\u00e7\u00e3o a Dist\u00e2ncia &#8211; Concefor objetiva ser um importante espa\u00e7o <a class=\"more-link\" href=\"https:\/\/concefor.cefor.ifes.edu.br\/2016\/\">Leia mais&#8230; &raquo;<\/a><\/p>\n","protected":false},"author":1,"featured_media":0,"parent":0,"menu_order":0,"comment_status":"closed","ping_status":"open","template":"","meta":[],"_links":{"self":[{"href":"https:\/\/concefor.cefor.ifes.edu.br\/2016\/wp-json\/wp\/v2\/pages\/6"}],"collection":[{"href":"https:\/\/concefor.cefor.ifes.edu.br\/2016\/wp-json\/wp\/v2\/pages"}],"about":[{"href":"https:\/\/concefor.cefor.ifes.edu.br\/2016\/wp-json\/wp\/v2\/types\/page"}],"author":[{"embeddable":true,"href":"https:\/\/concefor.cefor.ifes.edu.br\/2016\/wp-json\/wp\/v2\/users\/1"}],"replies":[{"embeddable":true,"href":"https:\/\/concefor.cefor.ifes.edu.br\/2016\/wp-json\/wp\/v2\/comments?post=6"}],"version-history":[{"count":1,"href":"https:\/\/concefor.cefor.ifes.edu.br\/2016\/wp-json\/wp\/v2\/pages\/6\/revisions"}],"predecessor-version":[{"id":404,"href":"https:\/\/concefor.cefor.ifes.edu.br\/2016\/wp-json\/wp\/v2\/pages\/6\/revisions\/404"}],"wp:attachment":[{"href":"https:\/\/concefor.cefor.ifes.edu.br\/2016\/wp-json\/wp\/v2\/media?parent=6"}],"curies":[{"name":"wp","href":"https:\/\/api.w.org\/{rel}","templated":true}]}}