{"id":345,"date":"2016-07-04T12:58:40","date_gmt":"2016-07-04T12:58:40","guid":{"rendered":"http:\/\/concefor.cefor.ifes.edu.br\/?page_id=345"},"modified":"2017-04-10T11:18:30","modified_gmt":"2017-04-10T11:18:30","slug":"noticias","status":"publish","type":"page","link":"https:\/\/concefor.cefor.ifes.edu.br\/2016\/noticias\/","title":{"rendered":"Not\u00edcias"},"content":{"rendered":"<ul>\n<li>[16\/08\/2016]: A apresenta\u00e7\u00e3o da palestra &#8220;Metodologias inovadoras em educa\u00e7\u00e3o, hoje&#8221;,\u00a0proferida por\u00a0Jos\u00e9 Moran, est\u00e1 dispon\u00edvel <a href=\"http:\/\/concefor.cefor.ifes.edu.br\/wp-content\/uploads\/2016\/08\/Met_Ativas_IFES_Moran.pdf.zip\">aqui<\/a>.<\/li>\n<li>[16\/08\/2016]: Materiais\u00a0do Educimat dispon\u00edveis para download <a href=\"http:\/\/concefor.cefor.ifes.edu.br\/?page_id=392\">aqui<\/a>.<\/li>\n<li>[10\/08\/2016]:\u00a0O caderno de resumos do III Concefor est\u00e1 dispon\u00edvel <a href=\"http:\/\/concefor.cefor.ifes.edu.br\/wp-content\/uploads\/2016\/08\/CADERNORESUMOS.pdf\" target=\"_blank\">aqui<\/a>.<\/li>\n<li>[10\/08\/2016]:\u00a0INSCRI\u00c7\u00d5ES ENCERRADAS!!!<\/li>\n<li>[04\/08\/2016]: Inscri\u00e7\u00f5es prorrogadas (vagas limitadas)<\/li>\n<li>[26\/07\/2016]: O evento Concefor ser\u00e1 realizado no\u00a0Cefor (Rua Bar\u00e3o de Mau\u00e1, n\u00ba 30, Jucutuquara, Vit\u00f3ria \u2013 ES)<\/li>\n<li>[13\/07\/2016]: A programa\u00e7\u00e3o das comunica\u00e7\u00f5es orais est\u00e1 dispon\u00edvel\u00a0<a href=\"http:\/\/concefor.cefor.ifes.edu.br\/wp-content\/uploads\/2016\/04\/Programac\u0327a\u0303oComunicacaoOralRetificada.pdf\" rel=\"\">aqui<\/a>.<\/li>\n<li>[04\/07\/2016]: O\u00a0modelo do p\u00f4ster em formato ODP (openoffice) que deve ser apresentado no evento\u00a0est\u00e1 dispon\u00edvel <a href=\"http:\/\/concefor.cefor.ifes.edu.br\/wp-content\/uploads\/2016\/07\/poster.odp\" rel=\"\">aqui<\/a>.<\/li>\n<\/ul>\n","protected":false},"excerpt":{"rendered":"<p>[16\/08\/2016]: A apresenta\u00e7\u00e3o da palestra &#8220;Metodologias inovadoras em educa\u00e7\u00e3o, hoje&#8221;,\u00a0proferida por\u00a0Jos\u00e9 Moran, est\u00e1 dispon\u00edvel aqui. [16\/08\/2016]: Materiais\u00a0do Educimat dispon\u00edveis para download aqui. [10\/08\/2016]:\u00a0O caderno de resumos do III Concefor est\u00e1 dispon\u00edvel aqui. [10\/08\/2016]:\u00a0INSCRI\u00c7\u00d5ES ENCERRADAS!!! [04\/08\/2016]: Inscri\u00e7\u00f5es prorrogadas (vagas limitadas) [26\/07\/2016]: <a class=\"more-link\" href=\"https:\/\/concefor.cefor.ifes.edu.br\/2016\/noticias\/\">Leia mais&#8230; &raquo;<\/a><\/p>\n","protected":false},"author":1,"featured_media":0,"parent":0,"menu_order":0,"comment_status":"closed","ping_status":"closed","template":"","meta":[],"_links":{"self":[{"href":"https:\/\/concefor.cefor.ifes.edu.br\/2016\/wp-json\/wp\/v2\/pages\/345"}],"collection":[{"href":"https:\/\/concefor.cefor.ifes.edu.br\/2016\/wp-json\/wp\/v2\/pages"}],"about":[{"href":"https:\/\/concefor.cefor.ifes.edu.br\/2016\/wp-json\/wp\/v2\/types\/page"}],"author":[{"embeddable":true,"href":"https:\/\/concefor.cefor.ifes.edu.br\/2016\/wp-json\/wp\/v2\/users\/1"}],"replies":[{"embeddable":true,"href":"https:\/\/concefor.cefor.ifes.edu.br\/2016\/wp-json\/wp\/v2\/comments?post=345"}],"version-history":[{"count":1,"href":"https:\/\/concefor.cefor.ifes.edu.br\/2016\/wp-json\/wp\/v2\/pages\/345\/revisions"}],"predecessor-version":[{"id":409,"href":"https:\/\/concefor.cefor.ifes.edu.br\/2016\/wp-json\/wp\/v2\/pages\/345\/revisions\/409"}],"wp:attachment":[{"href":"https:\/\/concefor.cefor.ifes.edu.br\/2016\/wp-json\/wp\/v2\/media?parent=345"}],"curies":[{"name":"wp","href":"https:\/\/api.w.org\/{rel}","templated":true}]}}

Notícias

<ul>
<li>[16/08/2016]: A apresentação da palestra &#8220;Metodologias inovadoras em educação, hoje&#8221;, proferida por José Moran, está disponível <a href="http://concefor.cefor.ifes.edu.br/wp-content/uploads/2016/08/Met_Ativas_IFES_Moran.pdf.zip">aqui</a>.</li>
<li>[16/08/2016]: Materiais do Educimat disponíveis para download <a href="http://concefor.cefor.ifes.edu.br/?page_id=392">aqui</a>.</li>
<li>[10/08/2016]: O caderno de resumos do III Concefor está disponível <a href="http://concefor.cefor.ifes.edu.br/wp-content/uploads/2016/08/CADERNORESUMOS.pdf" target="_blank">aqui</a>.</li>
<li>[10/08/2016]: INSCRIÇÕES ENCERRADAS!!!</li>
<li>[04/08/2016]: Inscrições prorrogadas (vagas limitadas)</li>
<li>[26/07/2016]: O evento Concefor será realizado no Cefor (Rua Barão de Mauá, nº 30, Jucutuquara, Vitória – ES)</li>
<li>[13/07/2016]: A programação das comunicações orais está disponível <a href="http://concefor.cefor.ifes.edu.br/wp-content/uploads/2016/04/ProgramaçãoComunicacaoOralRetificada.pdf" rel="">aqui</a>.</li>
<li>[04/07/2016]: O modelo do pôster em formato ODP (openoffice) que deve ser apresentado no evento está disponível <a href="http://concefor.cefor.ifes.edu.br/wp-content/uploads/2016/07/poster.odp" rel="">aqui</a>.</li>
</ul>

<p>[16/08/2016]: A apresentação da palestra &#8220;Metodologias inovadoras em educação, hoje&#8221;, proferida por José Moran, está disponível aqui. [16/08/2016]: Materiais do Educimat disponíveis para download aqui. [10/08/2016]: O caderno de resumos do III Concefor está disponível aqui. [10/08/2016]: INSCRIÇÕES ENCERRADAS!!! [04/08/2016]: Inscrições prorrogadas (vagas limitadas) [26/07/2016]: <a class="more-link" href="https://concefor.cefor.ifes.edu.br/2016/noticias/">Leia mais&#8230; &raquo;</a></p>
