{"id":20,"date":"2016-04-12T13:35:54","date_gmt":"2016-04-12T13:35:54","guid":{"rendered":"http:\/\/concefor.cefor.ifes.edu.br\/?page_id=20"},"modified":"2016-04-12T13:35:54","modified_gmt":"2016-04-12T13:35:54","slug":"programacao","status":"publish","type":"page","link":"https:\/\/concefor.cefor.ifes.edu.br\/2016\/programacao\/","title":{"rendered":"Programa\u00e7\u00e3o"},"content":{"rendered":"<p>&nbsp;<\/p>\n<h4>Dia 12\/08\/2016 &#8211; Sexta-feira<\/h4>\n<p>&nbsp;<\/p>\n<table style=\"border-collapse: collapse;width: 800px;height: 387px\" border=\"0\" width=\"361\" cellspacing=\"0\" cellpadding=\"0\">\n<tbody>\n<tr style=\"height: 15.0pt\">\n<td style=\"height: 15.0pt;width: 66pt;font-size: 12.0pt;color: #76933c;font-weight: bold;text-decoration: none;font-family: Calibri;border-top: .5pt solid #9BBB59;border-bottom: .5pt solid #9BBB59\" width=\"66\" height=\"15\">Hor\u00e1rio<\/td>\n<td style=\"width: 213pt;font-size: 12.0pt;color: #76933c;font-weight: bold;text-decoration: none;font-family: Calibri;border-top: .5pt solid #9BBB59;border-bottom: .5pt solid #9BBB59;border-left: none\" width=\"213\">Evento<\/td>\n<td style=\"width: 82pt;font-size: 12.0pt;color: #76933c;font-weight: bold;text-decoration: none;font-family: Calibri;border-top: .5pt solid #9BBB59;border-bottom: .5pt solid #9BBB59;border-left: none\" width=\"82\">Local<\/td>\n<\/tr>\n<tr style=\"height: 15.0pt\">\n<td style=\"height: 15.0pt;font-size: 12.0pt;color: #76933c;font-weight: 400;text-decoration: none;font-family: Calibri\" height=\"15\">07:30-09:00<span>0<\/span><\/td>\n<td style=\"font-size: 12.0pt;color: #76933c;font-weight: 400;text-decoration: none;font-family: Calibri\">Credenciamento<\/td>\n<td style=\"font-size: 12.0pt;color: #76933c;font-weight: 400;text-decoration: none;font-family: Calibri\">Cefor<\/td>\n<\/tr>\n<tr style=\"height: 15.0pt\">\n<td style=\"height: 15.0pt;font-size: 12.0pt;color: #76933c;font-weight: 400;text-decoration: none;font-family: Calibri\" height=\"15\">08:00-10:00<span>0<\/span><\/td>\n<td style=\"font-size: 12.0pt;color: #76933c;font-weight: 400;text-decoration: none;font-family: Calibri\">Comunica\u00e7\u00e3o\u00a0Oral*<\/td>\n<td style=\"font-size: 12.0pt;color: #76933c;font-weight: 400;text-decoration: none;font-family: Calibri\">Cefor<\/td>\n<\/tr>\n<tr style=\"height: 15.0pt\">\n<td style=\"height: 15.0pt;font-size: 12.0pt;color: #76933c;font-weight: 400;text-decoration: none;font-family: Calibri\" height=\"15\">10:00-10:20<span>0<\/span><\/td>\n<td style=\"font-size: 12.0pt;color: #76933c;font-weight: 400;text-decoration: none;font-family: Calibri\">Coffee Break e Momento Cultural<\/td>\n<td style=\"font-size: 12.0pt;color: #76933c;font-weight: 400;text-decoration: none;font-family: Calibri\">Cefor<\/td>\n<\/tr>\n<tr style=\"height: 15.0pt\">\n<td style=\"height: 15.0pt;font-size: 12.0pt;color: #76933c;font-weight: 400;text-decoration: none;font-family: Calibri\" height=\"15\">10:30-10:45<span>0<\/span><\/td>\n<td style=\"font-size: 12.0pt;color: #76933c;font-weight: 400;text-decoration: none;font-family: Calibri\">Cerim\u00f4nia de Abertura<\/td>\n<td style=\"font-size: 12.0pt;color: #76933c;font-weight: 400;text-decoration: none;font-family: Calibri\">Cefor<\/td>\n<\/tr>\n<tr style=\"height: 15.0pt\">\n<td style=\"height: 15.0pt;font-size: 12.0pt;color: #76933c;font-weight: 400;text-decoration: none;font-family: Calibri\" height=\"15\">10:45-12:15<span>0<\/span><\/td>\n<td style=\"font-size: 12.0pt;color: #76933c;font-weight: 400;text-decoration: none;font-family: Calibri\">Mesa\u00a0Redonda &#8211; EaD<\/p>\n<ul>\n<li>Tema: Institucionaliza\u00e7\u00e3o da EaD.<\/li>\n<li>Mediadora: Vanessa Battestin Nunes (Cefor\/IFES).<\/li>\n<li>Participantes: Maria Jos\u00e9 Campos Rodrigues (UFES), Miguel Fabricio Zamberlan (IFRO) e Nara Pimentel (UNB).<\/li>\n<\/ul>\n<\/td>\n<td style=\"font-size: 12.0pt;color: #76933c;font-weight: 400;text-decoration: none;font-family: Calibri\">Cefor<\/td>\n<\/tr>\n<tr style=\"height: 15.0pt\">\n<td style=\"height: 15.0pt;font-size: 12.0pt;color: #76933c;font-weight: 400;text-decoration: none;font-family: Calibri\" height=\"15\">13:30-15:00<span>0<\/span><\/td>\n<td style=\"font-size: 12.0pt;color: #76933c;font-weight: 400;text-decoration: none;font-family: Calibri\">GT &#8211; Forma\u00e7\u00e3o de Professores**<\/p>\n<p>Temas:<\/p>\n<ul>\n<li>Educa\u00e7\u00e3o B\u00e1sica e Forma\u00e7\u00e3o de Professores: Di\u00e1logos Curriculares.<\/li>\n<li>Abordagens em Forma\u00e7\u00e3o Continuada de Professores.<\/li>\n<li>Especificidades de Forma\u00e7\u00e3o de Educadores: Educa\u00e7\u00e3o n\u00e3o Formal, Proeja, Educa\u00e7\u00e3o Ind\u00edgena, Educa\u00e7\u00e3o do Campo e Educa\u00e7\u00e3o Especial.<\/li>\n<\/ul>\n<\/td>\n<td style=\"font-size: 12.0pt;color: #76933c;font-weight: 400;text-decoration: none;font-family: Calibri\">Cefor<\/td>\n<\/tr>\n<tr style=\"height: 15.0pt\">\n<td style=\"height: 15.0pt;font-size: 12.0pt;color: #76933c;font-weight: 400;text-decoration: none;font-family: Calibri\" height=\"15\">15:00-15:20<span>0<\/span><\/td>\n<td style=\"font-size: 12.0pt;color: #76933c;font-weight: 400;text-decoration: none;font-family: Calibri\">Coffee\u00a0Break<\/td>\n<td style=\"font-size: 12.0pt;color: #76933c;font-weight: 400;text-decoration: none;font-family: Calibri\">Cefor<\/td>\n<\/tr>\n<tr style=\"height: 15.0pt\">\n<td style=\"height: 15.0pt;font-size: 12.0pt;color: #76933c;font-weight: 400;text-decoration: none;font-family: Calibri\" height=\"15\">15:00-16:00<span>0<\/span><\/td>\n<td style=\"font-size: 12.0pt;color: #76933c;font-weight: 400;text-decoration: none;font-family: Calibri\">Apresenta\u00e7\u00e3o de p\u00f4steres<\/td>\n<td style=\"font-size: 12.0pt;color: #76933c;font-weight: 400;text-decoration: none;font-family: Calibri\">Cefor<\/td>\n<\/tr>\n<tr style=\"height: 15.0pt\">\n<td style=\"height: 15.0pt;font-size: 12.0pt;color: #76933c;font-weight: 400;text-decoration: none;font-family: Calibri\" height=\"15\">16:00-17:30<span>0<\/span><\/td>\n<td style=\"font-size: 12.0pt;color: #76933c;font-weight: 400;text-decoration: none;font-family: Calibri\">Mesa\u00a0Redonda &#8211; Forma\u00e7\u00e3o de Professores<\/p>\n<ul>\n<li>Tema: Converg\u00eancias e Diverg\u00eancias entre a Forma\u00e7\u00e3o Inicial e a Educa\u00e7\u00e3o B\u00e1sica.<\/li>\n<li>Mediador: Sidney Quezada (IFES).<\/li>\n<li>Participantes: Rony Claudio de Oliveira Freitas (IFES), Rodrigo de Azevedo Cruz Lamosa(UFRRJ) e Fl\u00e1via Monteiro de Barros Ara\u00fajo (UFF).<\/li>\n<\/ul>\n<p><span>sores<\/span><\/td>\n<td style=\"font-size: 12.0pt;color: #76933c;font-weight: 400;text-decoration: none;font-family: Calibri\">Cefor<\/td>\n<\/tr>\n<tr style=\"height: 15.0pt\">\n<td style=\"font-size: 12.0pt;color: #76933c;font-weight: 400;text-decoration: none;font-family: Calibri\">17:30-19:00<\/td>\n<td style=\"font-size: 12.0pt;color: #76933c;font-weight: 400;text-decoration: none;font-family: Calibri\">Palestra &#8211;\u00a0Forma\u00e7\u00e3o de Professores<\/p>\n<ul>\n<li>Palestrante: In\u00eas Assun\u00e7\u00e3o de Castro Teixeira (UFMG).<\/li>\n<li>Tema: Os professores e o cinema nos enredos da vida, telas de doc\u00eancia.<\/li>\n<\/ul>\n<\/td>\n<td style=\"font-size: 12.0pt;color: #76933c;font-weight: 400;text-decoration: none;font-family: Calibri\">Cefor<\/td>\n<\/tr>\n<\/tbody>\n<\/table>\n<h4>Dia 13\/08\/2016 &#8211; S\u00e1bado<\/h4>\n<p>&nbsp;<\/p>\n<table style=\"border-collapse: collapse;width: 800px;height: 387px\" border=\"0\" width=\"361\" cellspacing=\"0\" cellpadding=\"0\">\n<tbody>\n<tr style=\"height: 15.0pt\">\n<td style=\"height: 15.0pt;width: 66pt;font-size: 12.0pt;color: #76933c;font-weight: bold;text-decoration: none;font-family: Calibri;border-top: .5pt solid #9BBB59;border-bottom: .5pt solid #9BBB59;border-left: none\" width=\"66\" height=\"15\">Hor\u00e1rio<\/td>\n<td style=\"width: 213pt;font-size: 12.0pt;color: #76933c;font-weight: bold;text-decoration: none;font-family: Calibri;border-top: .5pt solid #9BBB59;border-bottom: .5pt solid #9BBB59;border-left: none\" width=\"213\">Evento<\/td>\n<td style=\"width: 82pt;font-size: 12.0pt;color: #76933c;font-weight: bold;text-decoration: none;font-family: Calibri;border-top: .5pt solid #9BBB59;border-bottom: .5pt solid #9BBB59;border-left: none\" width=\"82\">Local<\/td>\n<\/tr>\n<tr style=\"height: 15.0pt\">\n<td style=\"height: 15.0pt;font-size: 12.0pt;color: #76933c;font-weight: 400;text-decoration: none;font-family: Calibri\" height=\"15\">08:00-10:00<span>0<\/span><\/td>\n<td style=\"font-size: 12.0pt;color: #76933c;font-weight: 400;text-decoration: none;font-family: Calibri\">Comunica\u00e7\u00e3o Oral*<\/td>\n<td style=\"font-size: 12.0pt;color: #76933c;font-weight: 400;text-decoration: none;font-family: Calibri\">Cefor<\/td>\n<\/tr>\n<tr style=\"height: 15.0pt\">\n<td style=\"height: 15.0pt;font-size: 12.0pt;color: #76933c;font-weight: 400;text-decoration: none;font-family: Calibri\" height=\"15\">08:00-10:00<span>0<\/span><\/td>\n<td style=\"font-size: 12.0pt;color: #76933c;font-weight: 400;text-decoration: none;font-family: Calibri\">F\u00f3rum de Dirigentes EaD<\/td>\n<td style=\"font-size: 12.0pt;color: #76933c;font-weight: 400;text-decoration: none;font-family: Calibri\">Cefor<\/td>\n<\/tr>\n<tr style=\"height: 15.0pt\">\n<td style=\"height: 15.0pt;font-size: 12.0pt;color: #76933c;font-weight: 400;text-decoration: none;font-family: Calibri\" height=\"15\">10:00-10:20<span>0<\/span><\/td>\n<td style=\"font-size: 12.0pt;color: #76933c;font-weight: 400;text-decoration: none;font-family: Calibri\">Coffee Break e Momento Cultural<\/td>\n<td style=\"font-size: 12.0pt;color: #76933c;font-weight: 400;text-decoration: none;font-family: Calibri\">Cefor<span>a<\/span><\/td>\n<\/tr>\n<tr style=\"height: 15.0pt\">\n<td style=\"height: 15.0pt;font-size: 12.0pt;color: #76933c;font-weight: 400;text-decoration: none;font-family: Calibri\" height=\"15\">10:30-12:00<span>0<\/span><\/td>\n<td style=\"font-size: 12.0pt;color: #76933c;font-weight: 400;text-decoration: none;font-family: Calibri\">Palestra &#8211; EaD<\/p>\n<ul>\n<li>Palestrante: Jos\u00e9 Moran (USP).<\/li>\n<li>Tema: Metodologias Inovadoras em Educa\u00e7\u00e3o, hoje.<\/li>\n<li>Observa\u00e7\u00e3o: A apresenta\u00e7\u00e3o da palestra &#8220;Metodologias inovadoras em educa\u00e7\u00e3o, hoje&#8221;,\u00a0proferida por\u00a0Jos\u00e9 Moran, est\u00e1 dispon\u00edvel <a href=\"http:\/\/concefor.cefor.ifes.edu.br\/wp-content\/uploads\/2016\/08\/Met_Ativas_IFES_Moran.pdf.zip\">aqui<\/a>.<\/li>\n<\/ul>\n<\/td>\n<td style=\"font-size: 12.0pt;color: #76933c;font-weight: 400;text-decoration: none;font-family: Calibri\">Cefor<\/td>\n<\/tr>\n<tr style=\"height: 15.0pt\">\n<td style=\"height: 15.0pt;font-size: 12.0pt;color: #76933c;font-weight: 400;text-decoration: none;font-family: Calibri\" height=\"15\">13:30-15:00<span>0<\/span><\/td>\n<td style=\"font-size: 12.0pt;color: #76933c;font-weight: 400;text-decoration: none;font-family: Calibri\">GT- EaD**<\/p>\n<p>Temas:<\/p>\n<ul>\n<li>Design Educacional e M\u00eddias na EaD.<\/li>\n<li>O Polo e o Tutor Presencial: potencializando a intera\u00e7\u00e3o na EaD.<\/li>\n<li>Tecnologias Digitais e Pr\u00e1ticas Pedag\u00f3gicas.<\/li>\n<\/ul>\n<\/td>\n<td style=\"font-size: 12.0pt;color: #76933c;font-weight: 400;text-decoration: none;font-family: Calibri\">Cefor<\/td>\n<\/tr>\n<tr style=\"height: 15.0pt\">\n<td style=\"height: 15.0pt;font-size: 12.0pt;color: #76933c;font-weight: 400;text-decoration: none;font-family: Calibri\" height=\"15\">15:00-15:20<span>0<\/span><\/td>\n<td style=\"font-size: 12.0pt;color: #76933c;font-weight: 400;text-decoration: none;font-family: Calibri\">Coffee Break e Momento Cultural<\/td>\n<td style=\"font-size: 12.0pt;color: #76933c;font-weight: 400;text-decoration: none;font-family: Calibri\">Cefor<\/td>\n<\/tr>\n<tr style=\"height: 15.0pt\">\n<td style=\"height: 15.0pt;font-size: 12.0pt;color: #76933c;font-weight: 400;text-decoration: none;font-family: Calibri\" height=\"15\">15:30-17:00<span>0<\/span><\/td>\n<td style=\"font-size: 12.0pt;color: #76933c;font-weight: 400;text-decoration: none;font-family: Calibri\">Roda de Conversa &#8211; Apresenta\u00e7\u00e3o dos GTs<br \/>\n<span>sores<\/span><\/td>\n<td style=\"font-size: 12.0pt;color: #76933c;font-weight: 400;text-decoration: none;font-family: Calibri\">Cefor<\/td>\n<\/tr>\n<\/tbody>\n<\/table>\n<h6>(*): A programa\u00e7\u00e3o das comunica\u00e7\u00f5es orais est\u00e1 dispon\u00edvel\u00a0<a href=\"http:\/\/concefor.cefor.ifes.edu.br\/wp-content\/uploads\/2016\/04\/Programac\u0327a\u0303oComunicacaoOralRetificada.pdf\" rel=\"\">aqui<\/a>.<\/h6>\n<h6>(*): O caderno de resumos do III Concefor est\u00e1 dispon\u00edvel <a href=\"http:\/\/concefor.cefor.ifes.edu.br\/wp-content\/uploads\/2016\/08\/CADERNORESUMOS.pdf\" target=\"_blank\">aqui<\/a>.<\/h6>\n<h6>(**):\u00a0Mais informa\u00e7\u00f5es sobre os GTs na p\u00e1gina\u00a0<a href=\"http:\/\/concefor.cefor.ifes.edu.br\/?page_id=222\" target=\"_blank\">Grupos de Trabalho Concefor.<\/a><\/h6>\n<h2><\/h2>\n","protected":false},"excerpt":{"rendered":"<p>&nbsp; Dia 12\/08\/2016 &#8211; Sexta-feira &nbsp; Hor\u00e1rio Evento Local 07:30-09:000 Credenciamento Cefor 08:00-10:000 Comunica\u00e7\u00e3o\u00a0Oral* Cefor 10:00-10:200 Coffee Break e Momento Cultural Cefor 10:30-10:450 Cerim\u00f4nia de Abertura Cefor 10:45-12:150 Mesa\u00a0Redonda &#8211; EaD Tema: Institucionaliza\u00e7\u00e3o da EaD. Mediadora: Vanessa Battestin Nunes (Cefor\/IFES). <a class=\"more-link\" href=\"https:\/\/concefor.cefor.ifes.edu.br\/2016\/programacao\/\">Leia mais&#8230; &raquo;<\/a><\/p>\n","protected":false},"author":1,"featured_media":0,"parent":0,"menu_order":0,"comment_status":"closed","ping_status":"closed","template":"","meta":[],"_links":{"self":[{"href":"https:\/\/concefor.cefor.ifes.edu.br\/2016\/wp-json\/wp\/v2\/pages\/20"}],"collection":[{"href":"https:\/\/concefor.cefor.ifes.edu.br\/2016\/wp-json\/wp\/v2\/pages"}],"about":[{"href":"https:\/\/concefor.cefor.ifes.edu.br\/2016\/wp-json\/wp\/v2\/types\/page"}],"author":[{"embeddable":true,"href":"https:\/\/concefor.cefor.ifes.edu.br\/2016\/wp-json\/wp\/v2\/users\/1"}],"replies":[{"embeddable":true,"href":"https:\/\/concefor.cefor.ifes.edu.br\/2016\/wp-json\/wp\/v2\/comments?post=20"}],"version-history":[{"count":0,"href":"https:\/\/concefor.cefor.ifes.edu.br\/2016\/wp-json\/wp\/v2\/pages\/20\/revisions"}],"wp:attachment":[{"href":"https:\/\/concefor.cefor.ifes.edu.br\/2016\/wp-json\/wp\/v2\/media?parent=20"}],"curies":[{"name":"wp","href":"https:\/\/api.w.org\/{rel}","templated":true}]}}